INSERT INTO `personal_access_tokens` (`id`, `tokenable_type`, `tokenable_id`, `name`, `token`, `abilities`, `last_used_at`, `created_at`, `updated_at`) VALUES
(1057, 'App\\Models\\User', 40, 'myapptoken', '1dc427cdb98b8cada1214dfdcf357e1dc36d072ea1164d7a1eac3c917a086a5a', '[\"*\"]', NULL, '2024-06-12 18:22:10', '2024-06-12 18:22:10'),
(1058, 'App\\Models\\User', 40, 'myapptoken', 'fac21d89ae11f9c5e9696cea16a2bf60c790fc27605445f8b06e075d11dd08a6', '[\"*\"]', '2024-06-15 18:31:36', '2024-06-12 18:28:19', '2024-06-15 18:31:36'),
(1059, 'App\\Models\\User', 40, 'myapptoken', '792a1158373c6019e1287cf6136ceb8ab9db96eef8fde651b14f0390e32d1882', '[\"*\"]', '2024-06-13 12:22:12', '2024-06-13 12:19:57', '2024-06-13 12:22:12'),
(1060, 'App\\Models\\User', 1, 'myapptoken', '38dadddfa52f71efd522fde0e91aca0958c8ec49cb8c26c436dd6e8e02494bf1', '[\"*\"]', '2024-06-13 14:51:16', '2024-06-13 13:24:17', '2024-06-13 14:51:16'),
(1061, 'App\\Models\\User', 1, 'myapptoken', '7b3d71cdefb04a6d05ce895ddb0815e372f49e763d6c08adb230d8c08b24d823', '[\"*\"]', '2024-06-17 17:57:58', '2024-06-13 14:51:44', '2024-06-17 17:57:58'),
(1062, 'App\\Models\\User', 40, 'myapptoken', 'db0a0dd28aa5a8464e19c35b58dd51046813590e0bc7338f4e2480466d49ba1c', '[\"*\"]', '2024-06-15 18:56:19', '2024-06-15 18:31:47', '2024-06-15 18:56:19'),
(1063, 'App\\Models\\User', 40, 'myapptoken', '9c40edb3d61fd207bfc411e8029eff124abdb44747c5d2cc36f58efbdcbc5b7b', '[\"*\"]', '2024-06-15 18:57:17', '2024-06-15 18:56:24', '2024-06-15 18:57:17'),
(1064, 'App\\Models\\User', 40, 'myapptoken', '2caa1c557088fab603dd25d4de1082f6db0cd34868a51396fadb52608c607ca9', '[\"*\"]', NULL, '2024-06-15 18:57:23', '2024-06-15 18:57:23'),
(1065, 'App\\Models\\User', 40, 'myapptoken', '1cf80ed3d0e4dc0c7abed435b99c0c5b471dbed0839087f65118002ede63457a', '[\"*\"]', NULL, '2024-06-15 18:58:48', '2024-06-15 18:58:48'),
(1066, 'App\\Models\\User', 40, 'myapptoken', '2c51f36d3cf91c3331f449866e2d112a2f0ff9d9db2045ebf8b85101b0623d17', '[\"*\"]', '2024-06-15 19:02:03', '2024-06-15 18:59:35', '2024-06-15 19:02:03'),
(1067, 'App\\Models\\User', 40, 'myapptoken', '4db872d0d2db42b1ba2a6dcf6cf903fd96110563a3984e3922e8ad1aac19e33d', '[\"*\"]', NULL, '2024-06-15 19:02:08', '2024-06-15 19:02:08'),
(1068, 'App\\Models\\User', 40, 'myapptoken', 'e1d90ff4949d6ad613bd7f2c5380464f8445ab710841ebf6d0cf4845f009f3e8', '[\"*\"]', '2024-06-15 19:06:57', '2024-06-15 19:02:09', '2024-06-15 19:06:57'),
(1069, 'App\\Models\\User', 1, 'myapptoken', '4f829cf2cad302350c965ec33ff482c562f3aa761c114292d7183d67f0d02800', '[\"*\"]', '2024-06-17 17:06:41', '2024-06-17 17:04:35', '2024-06-17 17:06:41'),
(1070, 'App\\Models\\User', 1, 'myapptoken', '7f1ad30f687b37ed6cdda8411d7900e5cbeb7aa2d0cb306ae1acdd63ffe928aa', '[\"*\"]', '2024-07-02 19:22:24', '2024-07-02 14:08:17', '2024-07-02 19:22:24'),
(1071, 'App\\Models\\User', 1, 'myapptoken', '67bfbc893609c9562a4894bbef120f0972e96f7a5252c3228ea27ebe1bd2e043', '[\"*\"]', '2024-07-02 14:10:37', '2024-07-02 14:10:36', '2024-07-02 14:10:37'),
(1072, 'App\\Models\\User', 1, 'myapptoken', 'd9b074bf6e58ace4ca79cbfda5a158cff95bb1ede961ab7e017ceca4bc6a8963', '[\"*\"]', '2024-08-14 17:44:44', '2024-07-02 14:12:27', '2024-08-14 17:44:44'),
(1073, 'App\\Models\\User', 1, 'myapptoken', '11cf40a80661f937c50ca77f687badb4fffbcd15ce61804e741714f53e10f1ee', '[\"*\"]', '2024-07-16 19:57:10', '2024-07-02 14:12:39', '2024-07-16 19:57:10'),
(1074, 'App\\Models\\User', 74, 'myapptoken', '70f1bfe370be1eddbb1b957766cc4413669a9c5a0e73627f59488625a223849b', '[\"*\"]', NULL, '2024-07-02 14:23:49', '2024-07-02 14:23:49'),
(1075, 'App\\Models\\User', 1, 'myapptoken', '13f1d457b6217bd83a308c749b8e8fdec127cbd0c4baf2713446eab279dee8e1', '[\"*\"]', '2024-07-19 12:45:05', '2024-07-02 16:01:45', '2024-07-19 12:45:05'),
(1076, 'App\\Models\\User', 1, 'myapptoken', 'fbf70404d962876968310a63c4be91f147b568a4f5e0d726180b0c320c880d15', '[\"*\"]', '2024-07-02 16:20:29', '2024-07-02 16:15:48', '2024-07-02 16:20:29'),
(1077, 'App\\Models\\User', 75, 'myapptoken', 'fe65766b17a82fb34151354d53513db4a1a508d858df7d9e59a1544152111b5e', '[\"*\"]', NULL, '2024-07-02 16:19:16', '2024-07-02 16:19:16'),
(1078, 'App\\Models\\User', 1, 'myapptoken', 'b947113ec96df52d8e80250fad32aab9b57686942d187675b7103b4cda15f417', '[\"*\"]', '2024-07-13 13:21:41', '2024-07-13 13:20:33', '2024-07-13 13:21:41'),
(1079, 'App\\Models\\User', 75, 'myapptoken', '021d2b5e9609276889b4ca29d45e540cb2a6900fcc32d81284f5d20ba6e8ee7b', '[\"*\"]', '2024-07-13 13:22:14', '2024-07-13 13:22:12', '2024-07-13 13:22:14'),
(1080, 'App\\Models\\User', 1, 'myapptoken', 'cfa83003df7a35c937702dc1443ecef5b34e554a635ca13a112de80f7d7263b3', '[\"*\"]', '2024-07-13 13:26:50', '2024-07-13 13:23:47', '2024-07-13 13:26:50'),
(1081, 'App\\Models\\User', 1, 'myapptoken', 'a5c52253759cb0120125204df1add58ca2b01986f7aa1194364876189597785a', '[\"*\"]', '2024-07-13 14:28:22', '2024-07-13 14:28:20', '2024-07-13 14:28:22'),
(1082, 'App\\Models\\User', 1, 'myapptoken', '3f7a64ff5877ca752cbf1716468fa2a669525ce3fa9306ef522875fdab26931f', '[\"*\"]', '2024-07-13 14:31:42', '2024-07-13 14:31:40', '2024-07-13 14:31:42'),
(1083, 'App\\Models\\User', 1, 'myapptoken', '9536043191cc0a240aa72b49793bdf271e4f3e6f3e1b5de97d8cc003e3407ca4', '[\"*\"]', '2024-07-16 20:23:10', '2024-07-13 15:03:45', '2024-07-16 20:23:10'),
(1084, 'App\\Models\\User', 1, 'myapptoken', 'c00a66cbcecb7481d852e60c4780a3ef8b25b69c09ca09393d8da3902bf37933', '[\"*\"]', '2024-07-15 14:15:33', '2024-07-15 14:15:30', '2024-07-15 14:15:33'),
(1085, 'App\\Models\\User', 1, 'myapptoken', 'a124a52f9121ca15bdfc1b0a18a3065509a85953fb6405e792d2289f32bb4ac0', '[\"*\"]', '2024-07-15 15:31:12', '2024-07-15 15:31:10', '2024-07-15 15:31:12'),
(1086, 'App\\Models\\User', 1, 'myapptoken', '3249e959d3a925ffe0f38cd3946166d14f6ff5e5729d01cc0a8894a9ec1a5d62', '[\"*\"]', '2024-07-16 20:05:31', '2024-07-16 19:59:58', '2024-07-16 20:05:31'),
(1087, 'App\\Models\\User', 1, 'myapptoken', '144fe9e7bcf654c217ef477c45435c3600637e3408e102334c0f3ccb92d01ce8', '[\"*\"]', '2024-07-18 13:56:59', '2024-07-16 20:13:22', '2024-07-18 13:56:59'),
(1088, 'App\\Models\\User', 1, 'myapptoken', '935bd903aacee056037de7f64e792a7ac3189097a656934289edaee28893f1ba', '[\"*\"]', '2024-07-16 20:27:10', '2024-07-16 20:26:16', '2024-07-16 20:27:10'),
(1089, 'App\\Models\\User', 91, 'myapptoken', '915fd8cf733132a4936ef72bf7c0e84f30f5be8771b25d6ba2c1f9d572767117', '[\"*\"]', '2024-07-16 20:30:36', '2024-07-16 20:30:35', '2024-07-16 20:30:36'),
(1090, 'App\\Models\\User', 91, 'myapptoken', '8c6825f74de16264c58c794ff91f460b864b095b8a7119c9f182a948e29845e8', '[\"*\"]', '2024-07-16 20:35:38', '2024-07-16 20:35:37', '2024-07-16 20:35:38'),
(1091, 'App\\Models\\User', 1, 'myapptoken', 'e483455ceb34ffcd0183353c00c5bd93f02225e251b967969f95bb87b446378b', '[\"*\"]', '2024-07-16 20:35:55', '2024-07-16 20:35:53', '2024-07-16 20:35:55'),
(1092, 'App\\Models\\User', 88, 'myapptoken', 'e3dca23b0b5d08d7bf875d37237531d02438ddcdc43664f07c1cdf20e1717400', '[\"*\"]', '2024-07-16 20:39:20', '2024-07-16 20:38:59', '2024-07-16 20:39:20'),
(1093, 'App\\Models\\User', 88, 'myapptoken', '903b3b5ef71efc92dcef2bcf290f4e3241fcf994deace50c413339dc3d2db6db', '[\"*\"]', '2024-07-16 20:40:39', '2024-07-16 20:39:56', '2024-07-16 20:40:39'),
(1094, 'App\\Models\\User', 80, 'myapptoken', 'e9d853b054bd4824b6ca19b9ef21a5bdca16db718b28a0f15b1d3cbc3ed78425', '[\"*\"]', '2024-07-16 20:41:45', '2024-07-16 20:41:23', '2024-07-16 20:41:45'),
(1095, 'App\\Models\\User', 80, 'myapptoken', 'f93713ad77567b73797fbc04f4313219deb7a3c4362720799a0d23be11c27b0e', '[\"*\"]', '2024-07-16 20:43:06', '2024-07-16 20:42:03', '2024-07-16 20:43:06'),
(1096, 'App\\Models\\User', 80, 'myapptoken', 'f942483f64060c8269ff54199702fb93dd64ef05ba18d0482a343c2ec5b10d2f', '[\"*\"]', '2024-07-16 20:46:04', '2024-07-16 20:45:54', '2024-07-16 20:46:04'),
(1097, 'App\\Models\\User', 80, 'myapptoken', 'c3b5b1cd87ad84ef4490d6d0b7194c49298c145e2437d89d7dd5f2892e9cd5e4', '[\"*\"]', NULL, '2024-07-16 20:46:13', '2024-07-16 20:46:13'),
(1098, 'App\\Models\\User', 80, 'myapptoken', 'ae85e2cacf3044ffc2f98a56bf55b3e030519715bc8e483719ec766fd15d6588', '[\"*\"]', '2024-07-16 20:46:45', '2024-07-16 20:46:44', '2024-07-16 20:46:45'),
(1099, 'App\\Models\\User', 80, 'myapptoken', '335473746bb570a8fc15500c2d9ff81169e3d1e3d025d6d8efc1cb0ae4574af9', '[\"*\"]', '2024-07-16 20:47:59', '2024-07-16 20:47:58', '2024-07-16 20:47:59'),
(1100, 'App\\Models\\User', 92, 'myapptoken', 'd49b200ed8e2aee3e30f1abc53417cab3a79aa11eba2f616eae7051ded10a648', '[\"*\"]', NULL, '2024-07-16 20:49:46', '2024-07-16 20:49:46'),
(1101, 'App\\Models\\User', 92, 'myapptoken', '8096699b6f7b06c48104328df81c5c57a3e17d0e4e8a46f99890a6cf0545a71a', '[\"*\"]', NULL, '2024-07-16 20:50:13', '2024-07-16 20:50:13'),
(1102, 'App\\Models\\User', 92, 'myapptoken', '5560214bb8c4ced342dc32f453e1926e541efe68c87c2da5b1593b68b31be0a7', '[\"*\"]', '2024-07-18 17:22:34', '2024-07-16 20:51:17', '2024-07-18 17:22:34'),
(1103, 'App\\Models\\User', 1, 'myapptoken', '80629b24098fadab8a040710ff97d5669cfd45672a0c900451bf6f8d3513a602', '[\"*\"]', '2024-07-18 12:31:13', '2024-07-18 12:30:22', '2024-07-18 12:31:13'),
(1104, 'App\\Models\\User', 80, 'myapptoken', 'f283b6df9f0f4c62a059d9bd76ae1d0b78ddc844f1728252f00701e6ad4baa7e', '[\"*\"]', '2024-07-18 22:00:09', '2024-07-18 12:34:23', '2024-07-18 22:00:09'),
(1105, 'App\\Models\\User', 1, 'myapptoken', 'c2041844dc449177e79c1f1fe9d3f3b09e3036879900fcad5ce6b8ef355413f2', '[\"*\"]', '2024-07-18 15:46:57', '2024-07-18 13:57:08', '2024-07-18 15:46:57'),
(1106, 'App\\Models\\User', 1, 'myapptoken', '4e23092449ad5e7f0dc1d02c68792b21c1efef3af9cfe0e65869451c68f168ab', '[\"*\"]', '2024-07-19 13:24:06', '2024-07-18 13:57:23', '2024-07-19 13:24:06'),
(1107, 'App\\Models\\User', 80, 'myapptoken', '36ae926e4443192db41e5a87fa27024a826cf48fa0a2832751d48a6cb4e673e2', '[\"*\"]', '2024-07-19 13:26:06', '2024-07-18 14:16:30', '2024-07-19 13:26:06'),
(1108, 'App\\Models\\User', 80, 'myapptoken', '970b36dbd4bfa565be00726d15a96b801f1a88db11537233077d0ad57f5cd827', '[\"*\"]', '2024-07-18 15:37:08', '2024-07-18 14:25:34', '2024-07-18 15:37:08'),
(1109, 'App\\Models\\User', 80, 'myapptoken', '544ff3eda1ae8ef7477c9dab424454b816d1c7c70443de0c4cfe13c3192c3cef', '[\"*\"]', '2024-07-20 19:55:09', '2024-07-18 15:39:32', '2024-07-20 19:55:09'),
(1110, 'App\\Models\\User', 80, 'myapptoken', '0009ce645e5dea781031524a5b36bfe846dd2f6d063d56db2821f7e7fa1f5fa6', '[\"*\"]', '2024-07-18 17:07:30', '2024-07-18 17:04:04', '2024-07-18 17:07:30'),
(1111, 'App\\Models\\User', 80, 'myapptoken', 'fb520d213bcb9eeeefaa94601d1fd198f64cd2ab5cc1340eebd251ecfa242b1e', '[\"*\"]', '2024-07-26 21:54:14', '2024-07-18 17:50:23', '2024-07-26 21:54:14'),
(1112, 'App\\Models\\User', 93, 'myapptoken', '12b3348884da7b57056ac9a24a17b1fce7488b1821cbb7ca3547d54bba810d4b', '[\"*\"]', NULL, '2024-07-18 21:59:39', '2024-07-18 21:59:39'),
(1113, 'App\\Models\\User', 93, 'myapptoken', '11f31103d14aa515efd5015336e5f2b37e4ee25a0722a6a588dbcea47febc24f', '[\"*\"]', '2024-07-18 22:17:34', '2024-07-18 22:17:32', '2024-07-18 22:17:34'),
(1114, 'App\\Models\\User', 1, 'myapptoken', '385354c9cfbf630af6f1a1bdd027f6342a10ec951875acfc48e2392c853014e8', '[\"*\"]', '2024-08-19 18:30:06', '2024-07-18 22:28:12', '2024-08-19 18:30:06'),
(1115, 'App\\Models\\User', 93, 'myapptoken', '6799e3ff048ca9a6d578a4e238b180b0580c98bf3e841898550b31efff85fc0f', '[\"*\"]', '2024-07-19 13:30:41', '2024-07-18 22:53:21', '2024-07-19 13:30:41'),
(1116, 'App\\Models\\User', 92, 'myapptoken', '0b5eed6f982f6a25cd24b84f7f5a47dbf99ea4d68a3e3357c7a31740459c1e8d', '[\"*\"]', '2024-07-19 12:00:38', '2024-07-19 11:26:35', '2024-07-19 12:00:38'),
(1117, 'App\\Models\\User', 92, 'myapptoken', '58d528e2b1e56e9680a7ffeaefe8cdc8a51a529d82703fe3e89eb2074d72e8ed', '[\"*\"]', '2024-07-19 12:01:13', '2024-07-19 12:01:11', '2024-07-19 12:01:13'),
(1118, 'App\\Models\\User', 92, 'myapptoken', 'cbd0aa856b0c2742b0880cdc2a8e163a0731c54813f995292e10d013fa869447', '[\"*\"]', '2024-07-19 12:02:55', '2024-07-19 12:01:36', '2024-07-19 12:02:55'),
(1119, 'App\\Models\\User', 80, 'myapptoken', '67d9dd9119dfdb1a8427fcc929a49fc6892f8fec614ddcc7a29cfbf93c658da3', '[\"*\"]', '2024-07-19 14:59:11', '2024-07-19 12:06:28', '2024-07-19 14:59:11'),
(1120, 'App\\Models\\User', 80, 'myapptoken', '7c0bfac1bdf4aac3be6c367191e41eabf4e52989e9c3b3decd80e839b8b14949', '[\"*\"]', '2024-07-19 12:10:19', '2024-07-19 12:06:55', '2024-07-19 12:10:19'),
(1121, 'App\\Models\\User', 80, 'myapptoken', '317abf2eaec5dd490b3ba6f45d2b0ce9ade2a24a2fe3eb11c990731a336f028b', '[\"*\"]', '2024-07-19 12:31:39', '2024-07-19 12:11:22', '2024-07-19 12:31:39'),
(1122, 'App\\Models\\User', 88, 'myapptoken', 'd3ada9435362ed883bc3d69fe46d87607fbe64df1fdd3e1bfa5c56adb531af60', '[\"*\"]', NULL, '2024-07-19 12:33:51', '2024-07-19 12:33:51'),
(1123, 'App\\Models\\User', 75, 'myapptoken', '31901568ed32b60ce9f631873df9f6e7086da4799f8dbc070e325a81e2699075', '[\"*\"]', '2024-07-19 12:35:47', '2024-07-19 12:35:45', '2024-07-19 12:35:47'),
(1124, 'App\\Models\\User', 88, 'myapptoken', 'e6d9f467f937391a95416082c06c5aff77f26d8c83bc99d992f70e0bbd9b4dca', '[\"*\"]', '2024-07-19 12:39:23', '2024-07-19 12:36:44', '2024-07-19 12:39:23'),
(1125, 'App\\Models\\ChannelPartner', 4, 'myapptoken', '23033f2cd9dcbfb2c28fde2bd76918427e4c3935f92afac1ff9c2af9507d3a65', '[\"*\"]', '2024-07-19 12:46:02', '2024-07-19 12:45:48', '2024-07-19 12:46:02'),
(1126, 'App\\Models\\User', 1, 'myapptoken', '9d4fd5f26117deb2347af90eec5e131db1f1ee8aeac2a0a9a753a53e33c6e8b3', '[\"*\"]', '2024-07-19 12:46:36', '2024-07-19 12:46:16', '2024-07-19 12:46:36'),
(1127, 'App\\Models\\User', 1, 'myapptoken', '02ce2ead7bd3cd3967d555e680f4e68090c6043570a07aba2379a33e1a3b620a', '[\"*\"]', '2024-07-19 12:54:08', '2024-07-19 12:46:20', '2024-07-19 12:54:08'),
(1128, 'App\\Models\\User', 1, 'myapptoken', 'e79b703ffda965b528580d96a520823bacc36d4789ceeea098fc2dd300d77715', '[\"*\"]', '2024-07-19 12:50:12', '2024-07-19 12:50:08', '2024-07-19 12:50:12'),
(1129, 'App\\Models\\User', 1, 'myapptoken', '2f5577f04e16028772a08c411f2a0b8f636f702d0cb0199dda6b1209c49cab9e', '[\"*\"]', NULL, '2024-07-19 12:50:15', '2024-07-19 12:50:15'),
(1130, 'App\\Models\\User', 88, 'myapptoken', 'd36425f2f29096ccd1c43b362484a967c306c2a5d25b21ae42f1b10b6f51f730', '[\"*\"]', '2024-07-19 12:50:42', '2024-07-19 12:50:42', '2024-07-19 12:50:42'),
(1131, 'App\\Models\\User', 88, 'myapptoken', 'a8eb16724588379e44b649c5b0b0a520a07f01392afb45041e49e1053bf28410', '[\"*\"]', NULL, '2024-07-19 12:51:03', '2024-07-19 12:51:03'),
(1132, 'App\\Models\\User', 1, 'myapptoken', 'a548d6b108ee6e3cce3273fe748efaa0bd0646f1e5d6849847aa8c21dff078c5', '[\"*\"]', '2024-07-19 13:20:46', '2024-07-19 12:52:15', '2024-07-19 13:20:46'),
(1133, 'App\\Models\\User', 1, 'myapptoken', '9d3a29e6d7b8cb7d01fbeee36e694c60a8c5476165b50bf29237d81f973769a2', '[\"*\"]', '2024-07-19 12:56:11', '2024-07-19 12:54:19', '2024-07-19 12:56:11'),
(1134, 'App\\Models\\User', 88, 'myapptoken', '1c290bb3c3e9f2d9d277db1a37f4156a3ee0625292a698fb363d5f652dfe291b', '[\"*\"]', '2024-07-19 13:07:38', '2024-07-19 13:07:01', '2024-07-19 13:07:38'),
(1135, 'App\\Models\\User', 88, 'myapptoken', '7484d9665dc3e9d8081528e85cf3fdd11e54d7b5edaf771ad349048d81566bb7', '[\"*\"]', '2024-07-19 13:08:09', '2024-07-19 13:08:09', '2024-07-19 13:08:09'),
(1136, 'App\\Models\\User', 1, 'myapptoken', 'dd84ce0a093209388ff9f6c45a3c4cf642f13f298e87771233ce50e54957286f', '[\"*\"]', '2024-07-19 13:08:38', '2024-07-19 13:08:38', '2024-07-19 13:08:38'),
(1137, 'App\\Models\\User', 88, 'myapptoken', '35ad6959b335639fda0f4d7ba735333d41c7fb49528174ce46bbaeea595afa39', '[\"*\"]', '2024-07-19 13:20:55', '2024-07-19 13:20:55', '2024-07-19 13:20:55'),
(1138, 'App\\Models\\User', 1, 'myapptoken', '76f0b6a0cc773a9ba1a5ad1657ded342c270694ef74308a505efbc6a903a7215', '[\"*\"]', '2024-07-19 13:21:30', '2024-07-19 13:21:22', '2024-07-19 13:21:30'),
(1139, 'App\\Models\\ChannelPartner', 4, 'myapptoken', 'a0d0aa44c65a1ec28d4aed11a1e23ba307b2d07626acac3133ba1883d99d565c', '[\"*\"]', '2024-07-19 13:21:59', '2024-07-19 13:21:54', '2024-07-19 13:21:59'),
(1140, 'App\\Models\\User', 1, 'myapptoken', '23cea8a0815484a5f52f9429a497bde903652945de26bd51df6a0b2969eb7b41', '[\"*\"]', '2024-07-19 13:23:17', '2024-07-19 13:23:11', '2024-07-19 13:23:17'),
(1141, 'App\\Models\\User', 1, 'myapptoken', '619a554f93494cacbd78d249d84786b5a6a7e963e04b33fc062b1a2061e3ccb2', '[\"*\"]', '2024-07-29 15:46:30', '2024-07-19 13:24:19', '2024-07-29 15:46:30'),
(1142, 'App\\Models\\User', 92, 'myapptoken', '42f00f9042abdf38fbf05f435db58bce0d7df59d2c80b9be5c17aec5eb4c836f', '[\"*\"]', '2024-07-19 13:24:44', '2024-07-19 13:24:44', '2024-07-19 13:24:44'),
(1143, 'App\\Models\\User', 1, 'myapptoken', '0cde2c03f8eb15dbb3a5e0a2f11345a3350097e1077d2191ffb277858c01862e', '[\"*\"]', '2024-07-19 13:25:02', '2024-07-19 13:24:58', '2024-07-19 13:25:02'),
(1144, 'App\\Models\\ChannelPartner', 4, 'myapptoken', '0328839c8820045fe3b2ee4e6291359e191be1138aa755211bd92fead92896ca', '[\"*\"]', '2024-07-19 13:28:51', '2024-07-19 13:25:44', '2024-07-19 13:28:51'),
(1145, 'App\\Models\\User', 80, 'myapptoken', '60631febc433dcbd87f9f50996eaa6f5efa1fba05785907c7bc0dc9669945250', '[\"*\"]', '2024-07-26 15:43:25', '2024-07-19 13:26:17', '2024-07-26 15:43:25'),
(1146, 'App\\Models\\User', 1, 'myapptoken', '01974a21a2c25954d6011f621c8827a1a17b33db597d8c3a1e55469a403a7b79', '[\"*\"]', '2024-07-19 13:31:03', '2024-07-19 13:31:01', '2024-07-19 13:31:03'),
(1147, 'App\\Models\\User', 93, 'myapptoken', '1ba5686e56921956ce3d44049bb03388a3effd7c8352303e12973585d46e3699', '[\"*\"]', '2024-08-13 14:52:02', '2024-07-19 13:33:05', '2024-08-13 14:52:02'),
(1148, 'App\\Models\\User', 1, 'myapptoken', '7966ed5af77c615770fa4a0c709e1f8d21f1fdd7c8c6c655baf2fc273c8b978c', '[\"*\"]', '2024-07-24 21:01:34', '2024-07-19 13:38:08', '2024-07-24 21:01:34'),
(1149, 'App\\Models\\User', 80, 'myapptoken', '7d9460b6052455c2c85a3995c07987e100dc2c327f2785a35162714afd6216ea', '[\"*\"]', NULL, '2024-07-19 13:41:43', '2024-07-19 13:41:43'),
(1150, 'App\\Models\\User', 92, 'myapptoken', 'c655adaf73b4e92a64326a22030a736db54d7b70ee55b5f3f0b74347bab3842b', '[\"*\"]', NULL, '2024-07-19 13:42:24', '2024-07-19 13:42:24'),
(1151, 'App\\Models\\User', 80, 'myapptoken', '495e901f4d4bffb2635333622f3df9fd09bf017f8fe66b4933a851865174eb4d', '[\"*\"]', '2024-07-19 13:48:50', '2024-07-19 13:44:51', '2024-07-19 13:48:50'),
(1152, 'App\\Models\\User', 80, 'myapptoken', 'e4a432dad66e7c1bd75b1b9902abc3d8bd174533b42304014e5ed9f21f3fa29d', '[\"*\"]', '2024-07-20 12:08:32', '2024-07-19 13:50:22', '2024-07-20 12:08:32'),
(1153, 'App\\Models\\User', 93, 'myapptoken', 'd45df6621dd6444fc2b26f0cebf05279aad95372e84d372797d872eef2bba82f', '[\"*\"]', '2024-07-19 15:01:29', '2024-07-19 14:59:34', '2024-07-19 15:01:29'),
(1154, 'App\\Models\\User', 93, 'myapptoken', 'a91b45ffe0f0bf396d635f922a54b6b176abda4f37ed5d7e003428484f5d431f', '[\"*\"]', '2024-07-19 15:31:40', '2024-07-19 15:19:12', '2024-07-19 15:31:40'),
(1155, 'App\\Models\\User', 93, 'myapptoken', 'c33521f7824bf1efe4f68effb05e63dd047800d7c9c83e957861d86741b8d80f', '[\"*\"]', '2024-07-25 15:35:59', '2024-07-19 15:23:39', '2024-07-25 15:35:59'),
(1156, 'App\\Models\\User', 80, 'myapptoken', '40ef5ffc54b6ce5676a05688b8b22f1cd3af39e7576cbc399d6d9f7e2e3864d4', '[\"*\"]', '2024-07-20 12:13:52', '2024-07-20 12:08:47', '2024-07-20 12:13:52'),
(1157, 'App\\Models\\User', 80, 'myapptoken', '00b3c1df62847036ecdbff73608d12c7b23264075aafa5cdc96da1ce6be731dd', '[\"*\"]', '2024-07-24 20:54:47', '2024-07-20 13:39:33', '2024-07-24 20:54:47'),
(1158, 'App\\Models\\User', 80, 'myapptoken', 'e1b6cf105cf31c8d15c1da7a125489f487060f7be48516a5fbc018907c478642', '[\"*\"]', '2024-07-20 19:57:45', '2024-07-20 19:56:42', '2024-07-20 19:57:45'),
(1159, 'App\\Models\\User', 80, 'myapptoken', '1e1532cb77b0a26b5729f1abeb61a38953f8a183c1c32ce9008e3b63dd8d396b', '[\"*\"]', '2024-08-05 20:34:26', '2024-07-20 19:59:00', '2024-08-05 20:34:26'),
(1160, 'App\\Models\\User', 93, 'myapptoken', 'a61e6aad4a98b85859e8c2c6e3b64bb64f285d8ed3a96edc6466a8de50d06ac6', '[\"*\"]', '2024-07-20 20:10:32', '2024-07-20 20:10:31', '2024-07-20 20:10:32'),
(1161, 'App\\Models\\User', 1, 'myapptoken', '8fec22f93b564005c253c70a5db141bd9aaa924a41dc3fc7f123b631dfaba6d9', '[\"*\"]', '2024-07-20 20:11:40', '2024-07-20 20:11:21', '2024-07-20 20:11:40'),
(1162, 'App\\Models\\User', 1, 'myapptoken', '3ff11ee20111f58962a279b74fcfd0801e6ebca4d70ee5ba470dfad349036c0f', '[\"*\"]', '2024-07-20 20:31:33', '2024-07-20 20:25:08', '2024-07-20 20:31:33'),
(1163, 'App\\Models\\User', 93, 'myapptoken', '29637710af795806975d8aac85969b09f2860a0b66e77c9c67ca68e8bd06e577', '[\"*\"]', '2024-08-05 10:48:47', '2024-07-20 20:26:18', '2024-08-05 10:48:47'),
(1164, 'App\\Models\\User', 1, 'myapptoken', '8599c2e73e2d3767bad62e4222ad997d34483d5e4545afc82bceaf74050e1e3f', '[\"*\"]', '2024-07-22 14:04:51', '2024-07-22 13:02:19', '2024-07-22 14:04:51'),
(1165, 'App\\Models\\User', 1, 'myapptoken', '8ce45eb0f6f05ce2a4321da0b4bf51cdcc9461f3588345f1dfcd8ac6d9de43d2', '[\"*\"]', '2024-08-13 22:42:07', '2024-07-24 12:37:11', '2024-08-13 22:42:07'),
(1166, 'App\\Models\\User', 80, 'myapptoken', '17f72e9b6565f6daa0d327609434e10af070a91e2495f1781f03396721a033d4', '[\"*\"]', '2024-07-24 13:27:56', '2024-07-24 13:27:55', '2024-07-24 13:27:56'),
(1167, 'App\\Models\\User', 80, 'myapptoken', '73869a6cdceeefae4c59d0ca807ce17c28a7d1a7f3f346bc136b07f7a44ce23d', '[\"*\"]', '2024-07-24 13:30:17', '2024-07-24 13:30:15', '2024-07-24 13:30:17'),
(1168, 'App\\Models\\User', 80, 'myapptoken', '80bf1c2aa368bae089206e9f3d35325e8acec6a50237258d560938744aa9b5ec', '[\"*\"]', '2024-07-24 21:01:19', '2024-07-24 20:55:15', '2024-07-24 21:01:19'),
(1169, 'App\\Models\\User', 1, 'myapptoken', 'b90d71f0f534f3c0f19a333b270c8bb3c6af53e2f3fbeb63918dc35383e0f6a9', '[\"*\"]', '2024-07-24 21:04:15', '2024-07-24 21:01:41', '2024-07-24 21:04:15'),
(1170, 'App\\Models\\User', 80, 'myapptoken', '7bea254d827a38a88aa1064e7f8f0d3155e6e0ee22b484830ae9a3aba267eed1', '[\"*\"]', '2024-07-24 21:12:36', '2024-07-24 21:02:12', '2024-07-24 21:12:36'),
(1171, 'App\\Models\\User', 1, 'myapptoken', 'ce9ea620e6950c2720f2472a14900f5afcfbad7ee1bdae95f1fe761dcc2a7fe3', '[\"*\"]', '2024-07-25 12:34:13', '2024-07-24 21:04:49', '2024-07-25 12:34:13'),
(1172, 'App\\Models\\User', 80, 'myapptoken', '3b4743a7d9b87615f6ce61b6aef4419878e7e6830a3cab46b2222397e64046b3', '[\"*\"]', '2024-07-25 13:32:57', '2024-07-24 21:30:34', '2024-07-25 13:32:57'),
(1173, 'App\\Models\\User', 1, 'myapptoken', '94f9a63120c3b13fe540835da8f4ae8111e124734a3bc51b1324e4da6c82bd8c', '[\"*\"]', '2024-07-25 14:04:41', '2024-07-25 11:51:55', '2024-07-25 14:04:41'),
(1174, 'App\\Models\\User', 1, 'myapptoken', '0c8a0f35d32c4cfd806eac6c62069fcd9a2cbace6621953b2f43882753389cee', '[\"*\"]', '2024-07-25 16:27:27', '2024-07-25 12:03:15', '2024-07-25 16:27:27'),
(1175, 'App\\Models\\User', 80, 'myapptoken', '80a8e15aefc659046fea0ddb489c505039efbdff4a7d671d16e0d9b3de1e660d', '[\"*\"]', '2024-07-25 18:06:38', '2024-07-25 12:40:30', '2024-07-25 18:06:38'),
(1176, 'App\\Models\\User', 1, 'myapptoken', '0f5685d51f685edd8e1012106cf93c726241d775c2a23bfe3e0702f11aa47421', '[\"*\"]', '2024-07-26 14:31:42', '2024-07-25 12:43:40', '2024-07-26 14:31:42'),
(1177, 'App\\Models\\User', 80, 'myapptoken', '86b26c866014655b687d697738f3520ae8f98e60f06714cbdd51ddc877c2d2bb', '[\"*\"]', '2024-07-25 13:47:16', '2024-07-25 13:33:30', '2024-07-25 13:47:16'),
(1178, 'App\\Models\\ChannelPartner', 15, 'myapptoken', '54a49e643ff245f711b9a8dfab25d7f9dcd973647cfa8a4e1ff9769a0c909b67', '[\"*\"]', NULL, '2024-07-25 14:04:40', '2024-07-25 14:04:40'),
(1179, 'App\\Models\\ChannelPartner', 15, 'myapptoken', '0523623166dd67763c34f88e4244061523bddb67d33c069be615347337e7be04', '[\"*\"]', '2024-07-25 14:05:26', '2024-07-25 14:05:01', '2024-07-25 14:05:26'),
(1180, 'App\\Models\\User', 1, 'myapptoken', '406ae52995d6d757752964fc359238a24d82f9830cf0829f27e081c47107ccbe', '[\"*\"]', '2024-07-25 15:05:12', '2024-07-25 14:23:45', '2024-07-25 15:05:12'),
(1181, 'App\\Models\\User', 1, 'myapptoken', '7d123f3ad3fbed10774c20a53a74cb16a0be3f484857389b98f3f359425c206d', '[\"*\"]', '2024-07-25 15:35:36', '2024-07-25 14:26:47', '2024-07-25 15:35:36'),
(1182, 'App\\Models\\User', 1, 'myapptoken', '947caccb8d0cd3a3405d528cf69d1719f9e934e85165a8d7ea4231fcc80351b1', '[\"*\"]', '2024-07-25 15:01:36', '2024-07-25 14:42:30', '2024-07-25 15:01:36'),
(1183, 'App\\Models\\User', 80, 'myapptoken', '1635717f036589c0851427f45aacc8e69f59f75910b0242994a57811808def3e', '[\"*\"]', '2024-07-25 15:03:48', '2024-07-25 15:03:28', '2024-07-25 15:03:48'),
(1184, 'App\\Models\\User', 80, 'myapptoken', 'aa6828e201ebc515a87f092a4a015d7fe2ae50824c2edc7cec1fd1d1e0b06e19', '[\"*\"]', '2024-07-25 15:04:51', '2024-07-25 15:04:50', '2024-07-25 15:04:51'),
(1185, 'App\\Models\\User', 80, 'myapptoken', '831d0ef9bd0ce48518f376337205c209cd1ccefa888f9ef56255fd41f2f96409', '[\"*\"]', '2024-07-25 16:38:02', '2024-07-25 15:05:49', '2024-07-25 16:38:02'),
(1186, 'App\\Models\\User', 80, 'myapptoken', '103e61d2be90be5b0ebf177bd606c2754c9309ac60c711e6a5b4e7eae656d20e', '[\"*\"]', '2024-07-25 15:07:11', '2024-07-25 15:06:26', '2024-07-25 15:07:11'),
(1187, 'App\\Models\\User', 1, 'myapptoken', '75e637fb69c19975de46aeb1b93b0e6c456763eac8a859b6bfc9b7a271c538e6', '[\"*\"]', '2024-07-25 15:25:45', '2024-07-25 15:09:55', '2024-07-25 15:25:45'),
(1188, 'App\\Models\\User', 80, 'myapptoken', '287c7446c617b0effba7ee127ede1ed648015f01e06dea2bb5811ec26bd0b5d1', '[\"*\"]', '2024-07-25 17:37:19', '2024-07-25 16:43:53', '2024-07-25 17:37:19'),
(1189, 'App\\Models\\User', 80, 'myapptoken', 'dcc783aa3b40bc5e91767d6a267230899f1aefe59fae401a9f177b62c4392f67', '[\"*\"]', '2024-07-25 18:06:00', '2024-07-25 17:50:12', '2024-07-25 18:06:00'),
(1190, 'App\\Models\\User', 1, 'myapptoken', 'f0fbd4d1a821faa700d280af7f7fa0071105ad7ef19eea6dd546cc5ac5206a82', '[\"*\"]', '2024-07-25 21:38:38', '2024-07-25 21:36:11', '2024-07-25 21:38:38'),
(1191, 'App\\Models\\User', 80, 'myapptoken', '9f7a8d3caddd069185c43a8210c70083e1f6b9d6b80e1c1e54aa66efb7fe3b79', '[\"*\"]', '2024-07-26 14:11:41', '2024-07-26 13:32:18', '2024-07-26 14:11:41'),
(1192, 'App\\Models\\User', 1, 'myapptoken', '7e7c131a704774bc9127f8830cec3d667cc47704eb8f5e8d81f999761b82eca6', '[\"*\"]', '2024-07-30 13:01:17', '2024-07-26 13:51:33', '2024-07-30 13:01:17'),
(1193, 'App\\Models\\User', 80, 'myapptoken', 'f8b5d9e12eaae963a7def8f6b2078518868db985dd8f0cc01af716ed6cfe773e', '[\"*\"]', '2024-07-26 14:21:13', '2024-07-26 14:19:44', '2024-07-26 14:21:13'),
(1194, 'App\\Models\\User', 80, 'myapptoken', 'f92c51cbc96daf275b87f541d7ef9b2ff2c9ccdba2daca81bf7dbff9ae109091', '[\"*\"]', '2024-07-26 14:25:18', '2024-07-26 14:22:54', '2024-07-26 14:25:18'),
(1195, 'App\\Models\\User', 80, 'myapptoken', 'f686f0d153208e4b7c9a7738b12702a67a1ba9d530c63ab02b0743ae1951b6a2', '[\"*\"]', '2024-07-26 14:31:41', '2024-07-26 14:25:22', '2024-07-26 14:31:41'),
(1196, 'App\\Models\\User', 1, 'myapptoken', '3a5d33cbbeecdc9e9e60e49f24af19ac9a5f0b93087d03980de274eed96bf8e5', '[\"*\"]', '2024-07-26 14:34:47', '2024-07-26 14:32:26', '2024-07-26 14:34:47'),
(1197, 'App\\Models\\User', 1, 'myapptoken', '91d6af13081bb6280442479fb3c2a0cb41eac9522c14a1f96793345053770614', '[\"*\"]', '2024-07-26 14:34:46', '2024-07-26 14:34:03', '2024-07-26 14:34:46'),
(1198, 'App\\Models\\User', 80, 'myapptoken', '842aa286abd167e23b85a818d27053c3e129baf14317b919ae511ca7cbd544c5', '[\"*\"]', '2024-07-26 15:46:48', '2024-07-26 15:43:45', '2024-07-26 15:46:48'),
(1199, 'App\\Models\\User', 80, 'myapptoken', '9b58638cc91001677569a2597635d4d8e6ec8a46a28b28d4a728691241199767', '[\"*\"]', '2024-09-03 15:23:18', '2024-07-26 15:48:40', '2024-09-03 15:23:18'),
(1200, 'App\\Models\\User', 80, 'myapptoken', '0199258fde90059a07faacdea9db66c018c7692f99bf5f226f28b449f9cad464', '[\"*\"]', '2024-07-26 15:50:29', '2024-07-26 15:50:14', '2024-07-26 15:50:29'),
(1201, 'App\\Models\\User', 1, 'myapptoken', '5602b1d8f7e20388fb65c470897293fec62adefd6d64162a7a95a0000be77eb9', '[\"*\"]', '2024-07-29 09:44:05', '2024-07-29 09:44:03', '2024-07-29 09:44:05'),
(1202, 'App\\Models\\User', 1, 'myapptoken', 'cbb6d74ef496f45a9abca2af55f7456162cfc349c53bb91132396e9eaea42fae', '[\"*\"]', '2024-07-29 09:52:01', '2024-07-29 09:46:20', '2024-07-29 09:52:01'),
(1203, 'App\\Models\\User', 1, 'myapptoken', 'c7bd005bf4e75205b401eb0325a2846a443420daa78ae16f4188aaf1ae6e2ed9', '[\"*\"]', '2024-07-29 10:01:33', '2024-07-29 09:52:48', '2024-07-29 10:01:33'),
(1204, 'App\\Models\\User', 80, 'myapptoken', '6a68e766dfae4ff7e129e5f8795e6f3f2467fbf1c68a0e369ed1819c516c7166', '[\"*\"]', NULL, '2024-07-29 13:53:00', '2024-07-29 13:53:00'),
(1205, 'App\\Models\\User', 80, 'myapptoken', '402dc9ca741b771dd6b6921a195fed1d953dae1b8a4f44aa2bd15dd49a073e39', '[\"*\"]', '2024-07-29 13:56:13', '2024-07-29 13:53:18', '2024-07-29 13:56:13'),
(1206, 'App\\Models\\User', 91, 'myapptoken', '0275a90742cf683d8342b96c5a75b64f22c5a34f7a1f946f2768a24833140088', '[\"*\"]', '2024-07-29 16:31:35', '2024-07-29 15:46:58', '2024-07-29 16:31:35'),
(1207, 'App\\Models\\User', 1, 'myapptoken', 'c6933aba34462685796d61461dcb5a4fcd7d3368dfc5e73cfa424d6c5e3cd66f', '[\"*\"]', '2024-08-13 16:19:56', '2024-07-29 16:31:41', '2024-08-13 16:19:56'),
(1208, 'App\\Models\\User', 1, 'myapptoken', '727ccbc578f862ebcf288a7eefda4e0368dced57257e8e047691f5ba93577dab', '[\"*\"]', '2024-07-30 13:10:00', '2024-07-30 13:09:29', '2024-07-30 13:10:00'),
(1209, 'App\\Models\\User', 1, 'myapptoken', '9aa7e76c6c6882f8827dbb352da868e800f3ab9edee141cf2048bbd676416153', '[\"*\"]', '2024-08-01 02:10:29', '2024-08-01 02:05:43', '2024-08-01 02:10:29'),
(1210, 'App\\Models\\User', 80, 'myapptoken', '4204e7e16b96ecb095850a4bbf2d8f50b74a621535d183399fc0b19959cd3e98', '[\"*\"]', '2024-08-15 03:29:02', '2024-08-06 14:36:21', '2024-08-15 03:29:02'),
(1211, 'App\\Models\\User', 95, 'myapptoken', 'f237cfc55025e3803c6e06d91eeed5bb9cb7a8bec9d375f795b343ee09cc2219', '[\"*\"]', NULL, '2024-08-12 12:55:16', '2024-08-12 12:55:16'),
(1212, 'App\\Models\\User', 95, 'myapptoken', '854b681bb161a65579fe070de0b511c5753663c9348703019518be909982108e', '[\"*\"]', '2024-08-13 19:59:45', '2024-08-13 14:53:27', '2024-08-13 19:59:45'),
(1213, 'App\\Models\\User', 1, 'myapptoken', '86440fe62a91fb6d9b7bd5300d85bb4496b4d55df6d57d492d85fa99b58b63aa', '[\"*\"]', '2024-08-13 19:13:25', '2024-08-13 16:20:03', '2024-08-13 19:13:25'),
(1214, 'App\\Models\\User', 1, 'myapptoken', 'c83e0723074aa199da44adb6cee78e3e5eb1b4429a4adeaa06fb8524294d5581', '[\"*\"]', '2024-08-14 14:08:19', '2024-08-13 19:14:13', '2024-08-14 14:08:19'),
(1215, 'App\\Models\\User', 1, 'myapptoken', '4eee5dfdf2c5325428ea230526b8541fb9a0ed930d5c23cf022230a07ee1f1f8', '[\"*\"]', '2024-08-13 23:07:06', '2024-08-13 20:37:51', '2024-08-13 23:07:06'),
(1216, 'App\\Models\\User', 1, 'myapptoken', '3999382d1d948a375a07da5f9c73a894329524449137976550ac2da63d0d1e58', '[\"*\"]', '2024-08-13 20:41:09', '2024-08-13 20:38:45', '2024-08-13 20:41:09'),
(1217, 'App\\Models\\User', 99, 'myapptoken', '2a132e537965afec1ce6ff0fdc85ced1348f5f57f84ad7be128178c2e71bdc04', '[\"*\"]', '2024-08-13 23:11:01', '2024-08-13 20:48:54', '2024-08-13 23:11:01'),
(1218, 'App\\Models\\User', 1, 'myapptoken', '7f409b584aef88a57aede6c5fe9091198200722bb9697e9df676d445ee950c67', '[\"*\"]', '2024-08-13 23:10:44', '2024-08-13 22:47:56', '2024-08-13 23:10:44'),
(1219, 'App\\Models\\User', 1, 'myapptoken', 'f023fcbc5d48ac2f863f2a0d7298181bf0c8ca71cab3fba1ac383d8341068e2a', '[\"*\"]', '2024-08-14 09:40:02', '2024-08-14 09:39:39', '2024-08-14 09:40:02'),
(1220, 'App\\Models\\User', 1, 'myapptoken', '2f174b3d3f273f3bf645c8daf8fb9a2965c67056e58d7a2b66f45799c89bce91', '[\"*\"]', '2024-08-14 14:13:59', '2024-08-14 14:08:26', '2024-08-14 14:13:59'),
(1221, 'App\\Models\\User', 1, 'myapptoken', 'f921bcef9d67adbc098843d3ff3a43b5c48cb4a2feac87cdbca350ff8319f406', '[\"*\"]', '2024-08-19 20:07:45', '2024-08-14 14:14:36', '2024-08-19 20:07:45'),
(1222, 'App\\Models\\User', 95, 'myapptoken', '241bcc70359bb621c7b78166332c6394b5e81c6aa1435b416628345105ac2309', '[\"*\"]', NULL, '2024-08-14 14:25:17', '2024-08-14 14:25:17'),
(1223, 'App\\Models\\User', 95, 'myapptoken', '85ceec6e2fc5bc74e7f1dc806680a016f1716fb09edea4510c571cb19eab3654', '[\"*\"]', '2024-08-14 14:34:27', '2024-08-14 14:27:17', '2024-08-14 14:34:27'),
(1224, 'App\\Models\\User', 80, 'myapptoken', '786db05506050fca967be2977da0c4646f4c4de66fa1c5a7a34342892946c1cb', '[\"*\"]', '2024-08-15 03:34:11', '2024-08-15 03:30:43', '2024-08-15 03:34:11'),
(1225, 'App\\Models\\User', 80, 'myapptoken', 'c06523edead577e5c16396a0313c85cced07124048632719ed40179f2f36a8ee', '[\"*\"]', '2024-08-15 03:56:04', '2024-08-15 03:54:07', '2024-08-15 03:56:04'),
(1226, 'App\\Models\\User', 80, 'myapptoken', 'e32ffc5ba0af3789d4ee93a5f3aea6d8d5b0dc63c22380b13d88278ee31d3553', '[\"*\"]', '2024-08-20 19:33:09', '2024-08-15 03:56:19', '2024-08-20 19:33:09'),
(1227, 'App\\Models\\User', 1, 'myapptoken', '17eb1ccfc9d4dd811b7a0daa6da278a9d049f9756eeb77353a30636df54e3f71', '[\"*\"]', '2024-08-19 18:34:42', '2024-08-19 18:30:57', '2024-08-19 18:34:42'),
(1228, 'App\\Models\\User', 1, 'myapptoken', '35dba9054bfe6aabc47c9f00901b3244cbe8d1a5783464aa8bb33b00ad97f402', '[\"*\"]', '2024-08-19 18:51:40', '2024-08-19 18:34:50', '2024-08-19 18:51:40'),
(1229, 'App\\Models\\User', 1, 'myapptoken', '62b23b27e960d64cc176af1b6a66fbc2462e3bb157323fa56f4dded37ec463dc', '[\"*\"]', '2024-08-19 19:06:09', '2024-08-19 19:06:09', '2024-08-19 19:06:09'),
(1230, 'App\\Models\\User', 1, 'myapptoken', '452baa6ad374314d83143092001bd17d910f83fe83caf7f69832ecf2462f313e', '[\"*\"]', '2024-08-19 19:07:44', '2024-08-19 19:07:39', '2024-08-19 19:07:44'),
(1231, 'App\\Models\\User', 1, 'myapptoken', '5ea39cd5205fd1878c9db5e95299b684a283734d3af8028b0d4c0a51586615cd', '[\"*\"]', '2024-08-19 20:41:20', '2024-08-19 19:29:20', '2024-08-19 20:41:20'),
(1232, 'App\\Models\\User', 95, 'myapptoken', '4b162bec06ee475473ee6bee36fd19359614118b74240bc4e36ac41f02dbb6da', '[\"*\"]', '2024-08-19 20:37:04', '2024-08-19 20:27:10', '2024-08-19 20:37:04'),
(1233, 'App\\Models\\User', 95, 'myapptoken', '99ef21b8bf1f186f7c44de40c6be90d976a8531a63c810c16a06a70d5312f9f0', '[\"*\"]', '2024-08-19 20:39:16', '2024-08-19 20:39:14', '2024-08-19 20:39:16'),
(1234, 'App\\Models\\User', 1, 'myapptoken', 'b48e9691f612905112d9ce3ab946da0f9913d79a7dd5d40da4ea1e9d03930888', '[\"*\"]', '2024-08-20 15:21:00', '2024-08-19 20:41:32', '2024-08-20 15:21:00'),
(1235, 'App\\Models\\User', 95, 'myapptoken', 'f7fe68c2b36800313ed8a8edd28e1a10ad05147fa9a1f20110a0da2974699e67', '[\"*\"]', '2024-08-20 15:44:34', '2024-08-20 15:44:33', '2024-08-20 15:44:34'),
(1236, 'App\\Models\\User', 95, 'myapptoken', '5f8e373736d9ce098bbb1107b1e8ea8dc3760c7f7a48cd7df006e1aae6634c34', '[\"*\"]', '2024-08-30 17:18:33', '2024-08-20 15:45:39', '2024-08-30 17:18:33'),
(1237, 'App\\Models\\User', 95, 'myapptoken', 'f8a89132e0c1b0e2c452547e3607038a493499191fb2620370cb7fb763cdf150', '[\"*\"]', '2024-08-30 16:16:10', '2024-08-20 15:59:57', '2024-08-30 16:16:10'),
(1238, 'App\\Models\\User', 95, 'myapptoken', '9fd1911841979c7ed4d95db091cc33ef70c8d4fb42d7093f85dad3ac815906f7', '[\"*\"]', '2024-08-20 18:11:07', '2024-08-20 18:10:59', '2024-08-20 18:11:07'),
(1239, 'App\\Models\\User', 95, 'myapptoken', '651a380c3f320dca21b07bba10bc77b5e7b1fae9e28a9beef1983b1e68a5ab11', '[\"*\"]', '2024-08-20 18:25:31', '2024-08-20 18:25:29', '2024-08-20 18:25:31'),
(1240, 'App\\Models\\User', 95, 'myapptoken', '72788215927bcd79554cc179ec707e9945fc43d4e8db9e8434aa03e1c887fd04', '[\"*\"]', '2024-08-20 18:26:48', '2024-08-20 18:26:46', '2024-08-20 18:26:48'),
(1241, 'App\\Models\\User', 95, 'myapptoken', '71e6f1fc21503b0b1edf52b0ac753917e74a6e0fa37856b6ab0f9a3a343f0b61', '[\"*\"]', '2024-08-20 18:38:47', '2024-08-20 18:38:46', '2024-08-20 18:38:47'),
(1242, 'App\\Models\\User', 95, 'myapptoken', '32caa0a9054e966622177fa1aedf3d421ec85dc061c7abdafc912d5da80769e3', '[\"*\"]', '2024-08-20 18:49:21', '2024-08-20 18:49:18', '2024-08-20 18:49:21'),
(1243, 'App\\Models\\User', 80, 'myapptoken', 'ec040ee928d3468851dab101e52de5ef62bd30eada5d1e8bb3d55766352b4cba', '[\"*\"]', '2024-08-20 20:07:58', '2024-08-20 19:40:01', '2024-08-20 20:07:58'),
(1244, 'App\\Models\\User', 80, 'myapptoken', '08ed37f8838a614159ea14ce54729c9025736c59fbe86a624243d0a67da89700', '[\"*\"]', '2024-08-20 20:26:59', '2024-08-20 20:26:57', '2024-08-20 20:26:59'),
(1245, 'App\\Models\\User', 80, 'myapptoken', '17c312640e40c40b1de83362dfcaacc95414d792ae17eac358c29d94fc16b622', '[\"*\"]', '2024-08-20 20:29:18', '2024-08-20 20:29:15', '2024-08-20 20:29:18'),
(1246, 'App\\Models\\User', 80, 'myapptoken', 'ee5489788303e6439d5b6f8913a3f9e4b702c0b9770dd73680f27a9d7c3c1f8b', '[\"*\"]', '2024-09-03 15:24:09', '2024-08-20 20:29:25', '2024-09-03 15:24:09'),
(1247, 'App\\Models\\User', 1, 'myapptoken', '245f371ef448974ed3f8aea928d9a9c9952a3a01daaf6f3614b8fbe4c54a4a11', '[\"*\"]', '2024-08-22 23:53:00', '2024-08-21 16:02:47', '2024-08-22 23:53:00'),
(1248, 'App\\Models\\User', 1, 'myapptoken', 'bcba6a1bd09479b14e49e36f04a0985c5b2d87d1808a4c41e6130176f963aaa1', '[\"*\"]', '2024-08-23 17:31:53', '2024-08-23 10:37:01', '2024-08-23 17:31:53'),
(1249, 'App\\Models\\User', 93, 'myapptoken', '2766c08d3ff32c5bd00048d6510b66badbe89224627e056c58333d4e1c937ea5', '[\"*\"]', '2024-08-23 13:25:01', '2024-08-23 12:57:36', '2024-08-23 13:25:01'),
(1250, 'App\\Models\\User', 93, 'myapptoken', '27d672b44da0d0f40b0bd854ce4c1f627912625b969cf259ad1286147f4b4caa', '[\"*\"]', '2024-08-23 15:46:00', '2024-08-23 15:10:50', '2024-08-23 15:46:00'),
(1251, 'App\\Models\\User', 1, 'myapptoken', '69837e7b675cfb4e0a64fbc8cc14c8bd822d429cf42deb377b7db2f3a8abb0aa', '[\"*\"]', '2024-08-30 14:51:20', '2024-08-23 15:53:42', '2024-08-30 14:51:20'),
(1252, 'App\\Models\\User', 95, 'myapptoken', '4204d731640afb7f618758510994db672c41eea0fb945b61b8ff9dd54c5568d9', '[\"*\"]', '2024-09-02 19:26:54', '2024-08-29 17:41:32', '2024-09-02 19:26:54'),
(1253, 'App\\Models\\User', 91, 'myapptoken', '529ad0e74975d12b436c4966a06d218a6d6f2d83d1301714887d876264b0e44a', '[\"*\"]', '2024-09-02 17:32:25', '2024-09-02 11:31:38', '2024-09-02 17:32:25'),
(1254, 'App\\Models\\User', 1, 'myapptoken', '50d2247c83836c73454657020f1d0819237f3aea4a1315e93d19341a25500b80', '[\"*\"]', '2024-09-02 16:00:47', '2024-09-02 15:53:56', '2024-09-02 16:00:47'),
(1255, 'App\\Models\\User', 91, 'myapptoken', 'aa26ff1abb9a524aff6463a45cd5aa86d9782271a58e25ab524032654c5df5b1', '[\"*\"]', '2024-09-02 17:36:07', '2024-09-02 17:33:58', '2024-09-02 17:36:07'),
(1256, 'App\\Models\\User', 95, 'myapptoken', '138fd512727dae7be95d22e1590186029115580ebcc124d973fc70499e0486d4', '[\"*\"]', '2024-09-02 19:21:53', '2024-09-02 19:21:51', '2024-09-02 19:21:53'),
(1257, 'App\\Models\\User', 95, 'myapptoken', 'b0c3aa711738c0f47d7d5a6033bbde179bf6279af42ba89bc50027f0d9bec91f', '[\"*\"]', '2024-09-02 19:25:34', '2024-09-02 19:25:33', '2024-09-02 19:25:34'),
(1258, 'App\\Models\\User', 95, 'myapptoken', 'ff7769c20a86b1d1e4f0523efe757250a6ce0a4a485e9ca55a37e6decf8d209f', '[\"*\"]', '2024-09-02 19:27:22', '2024-09-02 19:27:00', '2024-09-02 19:27:22'),
(1259, 'App\\Models\\User', 95, 'myapptoken', '1d4053f1b69c0f1338a0694a9bd315bb33831ce7fa41fb2acd300de05f45a979', '[\"*\"]', '2024-09-02 19:48:53', '2024-09-02 19:37:47', '2024-09-02 19:48:53');

-- --------------------------------------------------------

--
-- Table structure for table `phases`
--

CREATE TABLE `phases` (
  `id` int(11) NOT NULL,
  `name` varchar(255) NOT NULL,
  `description` text DEFAULT NULL,
  `group_id` int(11) NOT NULL,
  `created_at` datetime DEFAULT current_timestamp(),
  `updated_at` datetime DEFAULT current_timestamp() ON UPDATE current_timestamp(),
  `deleted_at` datetime DEFAULT NULL
) ENGINE=InnoDB DEFAULT CHARSET=latin1 COLLATE=latin1_swedish_ci;

--
-- Dumping data for table `phases`
--

INSERT INTO `phases` (`id`, `name`, `description`, `group_id`, `created_at`, `updated_at`, `deleted_at`) VALUES
(1, 'Bengaluru-Karnataka', 'Origin', 68, '2024-07-02 07:28:36', '2024-07-02 07:28:36', NULL),
(2, 'Bengaluru', 'MPP - Bengaluru', 9, '2024-07-16 13:14:18', '2024-07-16 13:14:18', NULL),
(4, 'Pune', 'NA', 68, '2024-07-18 06:58:37', '2024-07-18 06:58:37', NULL),
(5, 'Tuticorin Warehouse', 'Origin- in the Warehouse', 69, '2024-07-18 13:46:53', '2024-07-18 15:29:15', NULL),
(6, 'Tuticorin Port', 'Port of Loading', 70, '2024-07-18 13:48:04', '2024-07-22 06:55:09', NULL),
(7, 'Delivery point at Maldives', 'Port of Discharge', 71, '2024-07-18 13:49:38', '2024-07-22 06:57:45', NULL),
(9, 'Tuticorin warehouse- Cargo on carrier Vehicles', 'Ready for Dispatch on ROAD', 69, '2024-07-18 15:29:56', '2024-07-18 15:29:56', NULL),
(10, 'Mumbai', 'NA', 73, '2024-07-25 06:55:30', '2024-07-25 07:53:14', NULL),
(11, 'Pune', 'Origin- in the Warehouse', 75, '2024-08-12 05:55:56', '2024-08-12 05:55:56', NULL);

-- --------------------------------------------------------

--
-- Table structure for table `phase_zones`
--

CREATE TABLE `phase_zones` (
  `id` int(11) NOT NULL,
  `zone_id` int(11) DEFAULT NULL,
  `phase_id` int(11) DEFAULT NULL,
  `user_id` bigint(20) UNSIGNED DEFAULT NULL,
  `created_at` timestamp NOT NULL DEFAULT current_timestamp(),
  `updated_at` datetime NOT NULL DEFAULT current_timestamp() ON UPDATE current_timestamp(),
  `deleted_at` datetime DEFAULT NULL
) ENGINE=InnoDB DEFAULT CHARSET=latin1 COLLATE=latin1_swedish_ci;

--
-- Dumping data for table `phase_zones`
--

INSERT INTO `phase_zones` (`id`, `zone_id`, `phase_id`, `user_id`, `created_at`, `updated_at`, `deleted_at`) VALUES
(3, 2, 2, 92, '2024-07-16 20:49:46', '2024-07-16 13:49:46', NULL),
(4, 3, 2, 92, '2024-07-16 20:49:46', '2024-07-16 13:49:46', NULL),
(5, 4, 2, 92, '2024-07-16 20:49:46', '2024-07-16 13:49:46', NULL),
(6, 2, 2, 80, '2024-07-18 09:45:42', '2024-07-18 02:45:42', NULL),
(7, 3, 2, 80, '2024-07-18 09:45:42', '2024-07-18 02:45:42', NULL),
(8, 4, 2, 80, '2024-07-18 09:45:56', '2024-07-18 02:45:56', NULL),
(9, 7, 5, 93, '2024-07-18 21:59:39', '2024-07-18 14:59:39', NULL),
(19, 6, 1, 98, '2024-08-13 22:53:08', '2024-08-13 15:53:08', NULL),
(22, 16, 11, 91, '2024-08-13 23:00:09', '2024-08-13 16:00:09', NULL),
(23, 15, 11, 91, '2024-08-13 23:00:09', '2024-08-13 16:00:09', NULL),
(24, 14, 11, 99, '2024-08-13 23:06:12', '2024-08-13 16:06:12', NULL),
(25, 15, 11, 99, '2024-08-13 23:06:12', '2024-08-13 16:06:12', NULL),
(26, 17, 4, 74, '2024-08-13 23:09:34', '2024-08-13 16:09:34', NULL),
(36, 16, 11, 75, '2024-08-14 14:13:43', '2024-08-14 07:13:43', NULL),
(37, 15, 11, 75, '2024-08-14 14:13:43', '2024-08-14 07:13:43', NULL),
(38, 14, 11, 95, '2024-08-14 14:15:08', '2024-08-14 07:15:08', NULL),
(39, 15, 11, 95, '2024-08-14 14:15:10', '2024-08-14 07:15:10', NULL),
(40, 16, 11, 95, '2024-08-14 14:15:10', '2024-08-14 07:15:10', NULL);

-- --------------------------------------------------------

--
-- Table structure for table `photographs`
--

CREATE TABLE `photographs` (
  `id` bigint(20) UNSIGNED NOT NULL,
  `type` varchar(20) DEFAULT NULL,
  `name` varchar(20) DEFAULT NULL,
  `photo` varchar(255) DEFAULT NULL,
  `time` time DEFAULT NULL,
  `video` varchar(255) DEFAULT NULL,
  `created_at` timestamp NULL DEFAULT NULL,
  `updated_at` timestamp NULL DEFAULT NULL,
  `cargo_id` bigint(20) UNSIGNED DEFAULT NULL,
  `zone_id` int(11) DEFAULT NULL,
  `latitude` varchar(50) DEFAULT NULL,
  `longitude` varchar(50) DEFAULT NULL,
  `deleted_at` timestamp NULL DEFAULT NULL,
  `reason` varchar(255) DEFAULT NULL,
  `phase_id` int(11) DEFAULT NULL
) ENGINE=InnoDB DEFAULT CHARSET=utf8mb4 COLLATE=utf8mb4_unicode_ci;

--
-- Dumping data for table `photographs`
--

INSERT INTO `photographs` (`id`, `type`, `name`, `photo`, `time`, `video`, `created_at`, `updated_at`, `cargo_id`, `zone_id`, `latitude`, `longitude`, `deleted_at`, `reason`, `phase_id`) VALUES
(1, '3', 'Left View', '5edcdd33-60bf-4274-8450-b8f1f9e757b0.jpg', '19:22:24', NULL, '2024-07-16 20:52:35', '2024-07-16 20:52:35', 121, 3, NULL, NULL, NULL, NULL, 2),
(2, '2', 'Bottom View', '47839da5-ab3e-426f-af35-ad0af044961c.jpg', '19:22:38', NULL, '2024-07-16 20:52:47', '2024-07-16 20:53:13', 121, 2, '19.2045999', '72.9457533', NULL, NULL, 2),
(3, '4', 'Right View', 'c3d24974-b97b-4db3-83ea-5113dd4bc119.jpg', '19:23:16', NULL, '2024-07-16 20:53:26', '2024-07-16 20:53:26', 121, 4, '19.2046001', '72.9457525', NULL, NULL, 2),
(4, '2', 'Left View', '27dd7e38-b907-4af2-aba9-fa3af4c2f7d6.jpg', '10:40:03', NULL, '2024-07-18 17:04:51', '2024-07-19 12:11:04', 123, 2, '13.2007138', '77.265977', NULL, NULL, 2),
(5, '3', 'Top View', '421bb8cc-d4bb-435c-bd3a-45d4d14c0f3a.jpg', '15:35:35', NULL, '2024-07-18 17:05:46', '2024-07-18 17:05:46', 123, 3, '19.213367', '72.8493923', NULL, NULL, 2),
(6, '4', 'Bottom View', 'fb723bd0-ae8f-4457-ac78-3f6cee554480.jpg', '15:35:56', NULL, '2024-07-18 17:06:07', '2024-07-18 17:06:07', 123, 4, '19.2133635', '72.8493968', NULL, NULL, 2),
(7, '2', 'Right View', '5ff9329a-25f0-4f3d-83b0-63cc8b08c0da.jpg', '10:40:03', NULL, '2024-07-18 17:07:29', '2024-07-19 12:10:53', 123, 2, '13.2007138', '77.265977', NULL, NULL, 2),
(8, '2', 'Right View', '11449be3-8e3e-42c2-b329-778da9f18d70.jpg', '15:51:57', NULL, '2024-07-18 17:22:06', '2024-07-18 17:22:06', 121, 2, NULL, NULL, NULL, NULL, 2),
(9, '3', 'Top View', '4eada331-1409-4608-9040-6b0a19033b70.jpg', '15:52:18', NULL, '2024-07-18 17:22:31', '2024-07-18 17:22:31', 121, 3, NULL, NULL, NULL, NULL, 2),
(10, '3', 'Right View', '5cfcfdea-3139-4e0c-8777-66e9ec9dc378.jpg', '11:24:35', NULL, '2024-07-18 17:51:36', '2024-07-19 12:55:58', 123, 3, '13.1995177', '77.2656006', NULL, NULL, 2),
(11, '4', 'Right View', '6a430537-950b-48cb-932b-1e0307457e39.jpg', '16:22:26', NULL, '2024-07-18 17:53:00', '2024-07-18 17:53:00', 123, 4, '19.2129905', '72.849517', NULL, NULL, 2),
(12, '3', 'Left View', 'ad322c50-f70e-4e83-80e7-68508c8eac2e.jpg', '11:24:35', NULL, '2024-07-18 17:54:25', '2024-07-19 12:55:32', 123, 3, '13.2001114', '77.2658458', NULL, NULL, 2),
(13, '2', 'Left View', 'cedb5ef7-5490-4800-97f6-138887124d8b.jpg', '09:58:27', NULL, '2024-07-19 11:28:36', '2024-07-19 11:28:36', 122, 2, '19.2046026', '72.9457573', NULL, NULL, 2),
(14, '2', 'Right View', '6afec508-c65b-4af5-b805-7b1b6303e12f.jpg', '09:58:27', NULL, '2024-07-19 11:28:43', '2024-07-19 11:28:43', 122, 2, '19.2046026', '72.9457573', NULL, NULL, 2),
(15, '2', 'Top View', '88ce71b5-99e0-4ee6-beee-8e66104f3bc7.jpg', '09:58:27', NULL, '2024-07-19 11:28:49', '2024-07-19 11:28:49', 122, 2, '19.2046032', '72.9457565', NULL, NULL, 2),
(16, '3', 'Bottom View', '108535c9-b8f4-487e-8eff-28d01e3b671e.jpg', '10:01:27', NULL, '2024-07-19 11:31:32', '2024-07-19 11:31:39', 122, 3, '19.2046032', '72.9457565', NULL, NULL, 2),
(17, '3', 'Right View', 'f60d3945-6ff5-421f-9827-1d5bb6fea8fa.jpg', '10:01:27', NULL, '2024-07-19 11:31:45', '2024-07-19 11:31:45', 122, 3, '19.2046032', '72.9457565', NULL, NULL, 2),
(18, '2', 'Left View', '8c87cd9c-7e0c-4013-95eb-3edbb649f552.jpg', '10:16:36', NULL, '2024-07-19 11:46:56', '2024-07-19 11:46:56', 121, 2, '19.2129905', '72.849517', NULL, NULL, 2),
(19, '2', 'Top View', '071b40f0-2522-4d87-bcd2-752443e54e42.jpg', '10:40:03', NULL, '2024-07-19 12:11:21', '2024-07-19 12:11:21', 123, 2, '13.2007344', '77.2660622', NULL, NULL, 2),
(20, '2', 'Bottom View', 'ff30d965-3cc6-4a02-9104-15dec8250c47.jpg', '10:40:03', NULL, '2024-07-19 12:11:35', '2024-07-19 12:11:35', 123, 2, '13.2007135', '77.2659707', NULL, NULL, 2),
(21, '3', 'Back View', '9b815ba7-3d46-4ed4-8d06-125f02cc3439.jpg', '11:24:35', NULL, '2024-07-19 12:56:19', '2024-07-19 12:56:19', 123, 3, '13.1995768', '77.265595', NULL, NULL, 2),
(22, '3', 'Bottom View', '735fd2db-4271-479b-8cd2-b849d6647424.jpg', '11:24:35', NULL, '2024-07-19 12:56:52', '2024-07-19 12:56:52', 123, 3, '13.1995617', '77.265591', NULL, NULL, 2),
(23, '3', 'Front View', '55868197-ac5e-4b76-bbfd-e7ae5a2b45c0.jpg', '11:24:35', NULL, '2024-07-19 12:57:26', '2024-07-19 12:57:26', 123, 3, '13.199585', '77.2654367', NULL, NULL, 2),
(24, '2', 'Reason', NULL, '11:27:53', NULL, '2024-07-19 12:58:03', '2024-07-19 12:58:03', 124, 2, '13.2000428', '77.2659279', NULL, 'Na', 2),
(25, '3', 'Left View', '806080da-f9ec-411e-88c0-51b4430b0bef.jpg', '11:28:06', NULL, '2024-07-19 12:58:25', '2024-07-19 12:58:25', 124, 3, '13.2000428', '77.2659279', NULL, NULL, 2),
(26, '3', 'Right View', '7bb6c698-eaf0-4607-9674-ca33351de316.jpg', '11:28:06', NULL, '2024-07-19 12:58:39', '2024-07-19 12:58:39', 124, 3, '13.2000428', '77.2659279', NULL, NULL, 2),
(27, '3', 'Top View', '0d35fc0f-5eb5-4681-9be6-9abde0c636d4.jpg', '11:28:06', NULL, '2024-07-19 12:58:51', '2024-07-19 12:58:51', 124, 3, '13.2000934', '77.2659515', NULL, NULL, 2),
(28, '3', 'Back View', '1793ef38-49fc-4478-a5fb-81a47cbb55dc.jpg', '11:28:06', NULL, '2024-07-19 12:59:13', '2024-07-19 12:59:13', 124, 3, '13.2001052', '77.2659212', NULL, NULL, 2),
(29, '3', 'Front View', 'e5089991-d8e7-450a-be82-23a0b2dd8e28.jpg', '11:28:06', NULL, '2024-07-19 12:59:29', '2024-07-19 12:59:29', 124, 3, '13.2001052', '77.2659212', NULL, NULL, 2),
(30, '3', 'Videos', NULL, '11:28:06', '9769023e-623a-4bef-8534-839fd28155d0.mp4', '2024-07-19 13:00:54', '2024-07-19 13:00:54', 124, 3, '13.199969', '77.2658507', NULL, NULL, 2),
(31, '2', 'Left View', '90b09da7-1f75-4162-b7a5-67d3e696d8ca.jpg', '11:31:05', NULL, '2024-07-19 13:01:17', '2024-07-19 13:01:17', 124, 2, NULL, NULL, NULL, NULL, 2),
(32, '2', 'Right View', '1fd693f9-f942-432e-a2fa-e2391db2cc0c.jpg', '11:31:05', NULL, '2024-07-19 13:01:26', '2024-07-19 13:01:26', 124, 2, '13.1995762', '77.2655982', NULL, NULL, 2),
(33, '2', 'Top View', '6b78776c-509c-4211-9c06-c666e936c838.jpg', '11:31:05', NULL, '2024-07-19 13:02:20', '2024-07-19 13:02:20', 124, 2, '13.1995762', '77.2655982', NULL, NULL, 2),
(34, '2', 'Bottom View', '36f1dd5d-700a-44e4-8bd1-f6138ac25994.jpg', '11:31:05', NULL, '2024-07-19 13:03:04', '2024-07-19 13:03:04', 124, 2, '13.1994946', '77.2656156', NULL, NULL, 2),
(35, '2', 'Back View', 'f1bc9b69-00df-4b40-9d5c-479d259eb80c.jpg', '11:31:05', NULL, '2024-07-19 13:03:19', '2024-07-19 13:03:19', 124, 2, '13.1995387', '77.2655978', NULL, NULL, 2),
(36, '2', 'Front View', '02fdd6e1-f289-4e1a-8f83-a722068a9942.jpg', '11:31:05', NULL, '2024-07-19 13:03:38', '2024-07-19 13:03:38', 124, 2, '13.1995387', '77.2655978', NULL, NULL, 2),
(37, '7', 'Left View', 'd02b3c2a-a149-4f3b-a2c4-a4ff7f26eeb0.jpg', '12:06:02', NULL, '2024-07-19 13:36:42', '2024-07-19 13:36:42', 127, 7, '19.0164726', '72.8272516', NULL, NULL, 5),
(38, '7', 'Right View', '27710ea9-c1fa-4574-ae62-f99b0d1e5ca5.jpg', '12:06:02', NULL, '2024-07-19 13:37:01', '2024-07-19 13:37:01', 127, 7, '19.0164815', '72.8272745', NULL, NULL, 5),
(39, '7', 'Top View', 'e75b94ee-15f0-4354-8515-134e30ace415.jpg', '12:06:02', NULL, '2024-07-19 13:37:20', '2024-07-19 13:37:20', 127, 7, '19.0164934', '72.8272822', NULL, NULL, 5),
(40, '7', 'Bottom View', '132cb31a-2df1-48c2-b58d-24c41f27eed0.jpg', '12:06:02', NULL, '2024-07-19 13:37:40', '2024-07-19 13:37:40', 127, 7, '19.0164736', '72.8272711', NULL, NULL, 5),
(41, '7', 'Back View', '0868097c-e1ad-4bd8-beae-46e0734f94f0.jpg', '12:06:02', NULL, '2024-07-19 13:38:00', '2024-07-19 13:38:00', 127, 7, '19.0164719', '72.8272637', NULL, NULL, 5),
(42, '7', 'Front View', '26c81842-64b7-4e9d-ab4e-79f077f9966e.jpg', '12:06:02', NULL, '2024-07-19 13:38:20', '2024-07-19 13:38:20', 127, 7, '19.0164803', '72.8272561', NULL, NULL, 5),
(43, '4', 'Left View', '07b67995-787d-48bd-ba71-846c2e453d44.jpg', '15:21:29', NULL, '2024-07-19 13:46:17', '2024-07-19 17:16:57', 124, 4, '13.1994863', '77.2655685', NULL, NULL, 2),
(44, '4', 'Right View', 'e5d42322-3861-44a9-a0a6-859782d0917b.jpg', '15:21:29', NULL, '2024-07-19 13:49:22', '2024-07-19 17:17:28', 124, 4, '13.1999491', '77.2656307', NULL, NULL, 2),
(45, '7', 'Videos', NULL, '12:19:57', '5808f0f6-3a6a-466f-b789-30f55d356067.mp4', '2024-07-19 13:53:20', '2024-07-19 13:53:20', 127, 7, '19.0165013', '72.8272609', NULL, NULL, 5),
(46, '4', 'Top View', '48cb964d-39c3-4d54-8942-140837ae48e4.jpg', '15:21:29', NULL, '2024-07-19 16:52:07', '2024-07-19 16:52:07', 124, 4, '13.1994692', '77.2655993', NULL, NULL, 2),
(47, '4', 'Bottom View', '0941e846-65f9-4d16-ab5f-aa0d1a4acc72.jpg', '15:21:29', NULL, '2024-07-19 17:17:43', '2024-07-19 17:17:43', 124, 4, '13.2000368', '77.2656205', NULL, NULL, 2),
(48, '4', 'Front View', 'df040037-1500-42b2-bae2-1f5cba73f6d1.jpg', '15:21:29', NULL, '2024-07-19 17:18:13', '2024-07-19 17:18:13', 124, 4, '13.1994974', '77.2655835', NULL, NULL, 2),
(49, '3', 'Bottom View', '20279ce4-1f6d-4ea3-97c4-a67cf9fdb877.jpg', '15:48:30', NULL, '2024-07-19 17:18:43', '2024-07-19 17:18:43', 124, 3, NULL, NULL, NULL, NULL, 2),
(50, '4', 'Back View', '1ad1b602-1541-4828-9560-96677ef9092a.jpg', '17:07:17', NULL, '2024-07-19 18:37:43', '2024-07-19 18:37:43', 124, 4, '13.2010474', '77.2655817', NULL, NULL, 2),
(51, '4', 'Videos', NULL, '17:07:17', '5c19a559-e97c-43cc-94ae-10abae28a73e.mp4', '2024-07-19 18:39:27', '2024-07-19 18:39:27', 124, 4, '13.2004954', '77.2656645', NULL, NULL, 2),
(52, '2', 'Videos', NULL, '18:39:28', 'a0c9099f-28b8-4d7a-8b4b-6eab60edc72f.mp4', '2024-07-23 20:10:59', '2024-07-23 20:10:59', 130, 2, '13.199975', '77.2655109', NULL, NULL, 2),
(53, '2', 'Left View', '06a5581b-6c9b-4fbf-9bd0-f3e8d8f5a6f2.jpg', '18:39:28', NULL, '2024-07-23 20:11:25', '2024-07-23 20:11:25', 130, 2, '13.199975', '77.2655109', NULL, NULL, 2),
(54, '2', 'Front View', '5d9345c0-fa1a-4dab-aa7f-494d39baa56d.jpg', '18:39:28', NULL, '2024-07-23 20:11:46', '2024-07-23 20:11:46', 130, 2, '13.1999566', '77.2655069', NULL, NULL, 2),
(55, '2', 'Right View', '65d16ed6-8873-4045-9061-44eba3ccfe1e.jpg', '18:39:28', NULL, '2024-07-23 20:12:05', '2024-07-23 20:12:05', 130, 2, '13.2000032', '77.2655442', NULL, NULL, 2),
(56, '2', 'Back View', 'ba2d83f7-ddb3-45a7-912e-304544d998c3.jpg', '18:39:28', NULL, '2024-07-23 20:12:20', '2024-07-23 20:12:20', 130, 2, '13.1998338', '77.2659243', NULL, NULL, 2),
(57, '2', 'Top View', '477b6c65-faf6-4029-b4ab-5c91edf2ce55.jpg', '18:39:28', NULL, '2024-07-23 20:12:43', '2024-07-23 20:12:43', 130, 2, '13.199825', '77.2659164', NULL, NULL, 2),
(58, '3', 'Front View', 'ad5bf1a9-6aea-4e52-8984-cc863f763609.jpg', '09:50:21', NULL, '2024-07-24 11:21:00', '2024-07-24 11:21:00', 130, 3, '13.2001246', '77.2658263', NULL, NULL, 2),
(59, '3', 'Left View', '47890432-4436-4a2d-bcee-bb953e31e11b.jpg', '09:50:21', NULL, '2024-07-24 11:21:19', '2024-07-24 11:21:19', 130, 3, '13.2000497', '77.2655823', NULL, NULL, 2),
(60, '3', 'Right View', 'c346c6e3-db0d-4e31-8394-9911dfe9eb95.jpg', '09:50:21', NULL, '2024-07-24 11:21:35', '2024-07-24 11:21:35', 130, 3, '13.2000543', '77.2655871', NULL, NULL, 2),
(61, '3', 'Back View', 'b0c3ce39-a45f-484f-bbeb-62433cd857ce.jpg', '09:50:21', NULL, '2024-07-24 11:21:53', '2024-07-24 11:21:53', 130, 3, '13.2000633', '77.2655785', NULL, NULL, 2),
(62, '3', 'Videos', NULL, '09:50:21', NULL, '2024-07-24 11:22:34', '2024-07-24 11:22:34', 130, 3, '13.1999722', '77.2655347', NULL, NULL, 2),
(63, '3', 'Top View', '0972b4e1-2870-4244-bf3b-3d026456b1da.jpg', '09:50:21', NULL, '2024-07-24 11:25:49', '2024-07-24 11:25:49', 130, 3, '13.1999722', '77.2655347', NULL, NULL, 2),
(64, '3', 'Bottom View', 'b96efb46-41c2-4e06-8be5-e0164f5ddd1d.jpg', '10:07:16', NULL, '2024-07-24 11:37:30', '2024-07-24 11:37:30', 130, 3, NULL, NULL, NULL, NULL, 2),
(65, '4', 'Bottom View', 'f1a1580b-ddaa-4783-b7af-83b39a6c97a3.jpg', '10:07:35', NULL, '2024-07-24 11:37:44', '2024-07-24 11:37:44', 130, 4, '13.2000565', '77.2655738', NULL, NULL, 2),
(66, '4', 'Top View', 'bdda8d47-8c46-4766-a137-8a60fe896c87.jpg', '10:16:31', NULL, '2024-07-24 11:46:55', '2024-07-24 11:46:55', 130, 4, NULL, NULL, NULL, NULL, 2),
(67, '4', 'Left View', 'cbdc933c-441b-472c-8be0-faa273e5a426.jpg', '11:26:37', NULL, '2024-07-24 12:56:57', '2024-07-24 12:56:57', 130, 4, '13.2002746', '77.2656951', NULL, NULL, 2),
(68, '4', 'Right View', 'e7c8ea70-c4c0-4455-8641-0727edb28341.jpg', '11:26:37', NULL, '2024-07-24 12:57:15', '2024-07-24 12:57:15', 130, 4, '13.2002746', '77.2656951', NULL, NULL, 2),
(69, '4', 'Front View', '3b2b4344-f010-46f7-8b3d-92a69389dbc3.jpg', '11:26:37', NULL, '2024-07-24 12:57:34', '2024-07-24 12:57:34', 130, 4, '13.2003001', '77.2657866', NULL, NULL, 2),
(70, '4', 'Back View', 'a399549b-26c2-491b-a6c4-b050db3beaaf.jpg', '11:26:37', NULL, '2024-07-24 12:58:11', '2024-07-24 12:58:11', 130, 4, '13.2002999', '77.2657776', NULL, NULL, 2),
(71, '4', 'Videos', NULL, '11:26:37', 'fe083b07-5f80-41ba-9537-d953e7b9681e.mp4', '2024-07-24 12:59:18', '2024-07-24 12:59:18', 130, 4, '13.2003086', '77.2657618', NULL, NULL, 2),
(72, '2', 'Bottom View', '8d31c55e-8dce-4585-9cf7-6d7195177cf4.jpg', '17:03:19', NULL, '2024-07-24 18:33:27', '2024-07-24 18:33:27', 130, 2, NULL, NULL, NULL, NULL, 2),
(73, '2', 'Videos', NULL, '19:28:48', 'd61ee2f9-b0be-4bca-b8b4-6c9e0e3528d0.mp4', '2024-07-24 21:00:24', '2024-07-24 21:00:24', 131, 2, '19.2045977', '72.9457526', NULL, NULL, 2),
(74, '2', 'Right View', 'c0daddba-fd97-44d1-8a2a-7a23bb3f5537.jpg', '19:30:39', NULL, '2024-07-24 21:01:19', '2024-07-24 21:01:19', 131, 2, '19.2045977', '72.9457526', NULL, NULL, 2),
(75, '3', 'Videos', NULL, '20:00:55', '8f99dcc9-3aef-48f3-b713-2bc7fb838b05.mp4', '2024-07-24 21:32:52', '2024-07-24 21:32:52', 131, 3, '19.2045979', '72.9457548', NULL, NULL, 2),
(76, '2', 'Reason', NULL, '12:07:46', NULL, '2024-07-25 13:42:24', '2024-07-25 13:42:24', 133, 2, '19.2046016', '72.9457544', NULL, 'I m not upload anything', 2),
(77, '2', 'Front View', '545a3743-7855-4121-9f0d-410dd04c10df.jpg', '17:59:14', NULL, '2024-07-25 19:30:37', '2024-07-25 19:37:50', 132, 2, '13.2000347', '77.2655897', NULL, NULL, 2),
(78, '2', 'Right View', '512d2a33-a73e-4011-96dc-ca3599924bca.jpg', '17:59:14', NULL, '2024-07-25 19:31:18', '2024-07-25 19:38:41', 132, 2, '13.2000468', '77.2655813', NULL, NULL, 2),
(79, '2', 'Left View', 'bf6c978f-f95e-4b9a-8912-cc5dcfd22bcf.jpg', '17:59:14', NULL, '2024-07-25 19:31:59', '2024-07-25 19:38:22', 132, 2, '13.2000468', '77.2655813', NULL, NULL, 2),
(80, '2', 'Back View', 'cc386601-91be-4f7b-aaa4-a4d99558d3e5.jpg', '17:59:14', NULL, '2024-07-25 19:39:00', '2024-07-25 19:39:00', 132, 2, '13.2000443', '77.2655811', NULL, NULL, 2),
(81, '2', 'Top View', '0970ba54-4499-4b5e-99d6-d0f1a423e087.jpg', '17:59:14', NULL, '2024-07-25 19:40:20', '2024-07-25 19:40:20', 132, 2, '13.200134', '77.2655062', NULL, NULL, 2),
(82, '2', 'Bottom View', 'c8f151e4-4b21-4001-8014-a113987571bd.jpg', '17:59:14', NULL, '2024-07-25 19:40:32', '2024-07-25 19:40:32', 132, 2, '13.2000323', '77.2655904', NULL, NULL, 2),
(83, '2', 'Videos', NULL, '17:59:14', '37f83f82-c3bd-42e9-b779-d775b1ed48c4.mp4', '2024-07-25 19:41:58', '2024-07-25 19:41:58', 132, 2, '13.199962', '77.265508', NULL, NULL, 2),
(84, '3', 'Right View', 'e6618642-56cc-49a9-bc8d-97840dbc21f0.jpg', '19:21:06', NULL, '2024-07-25 20:51:31', '2024-07-25 20:51:31', 132, 3, '13.2000405', '77.2655865', NULL, NULL, 2),
(85, '3', 'Front View', 'fa8ca90b-0422-4409-bcde-5b05def28476.jpg', '19:21:06', NULL, '2024-07-25 20:52:03', '2024-07-25 20:52:03', 132, 3, '13.2000403', '77.2655873', NULL, NULL, 2),
(86, '3', 'Left View', '77716cbc-dc3a-4850-9f59-c6c8ccad95b2.jpg', '19:21:06', NULL, '2024-07-25 20:54:28', '2024-07-25 20:54:28', 132, 3, '13.20004', '77.2655881', NULL, NULL, 2),
(87, '3', 'Back View', '96828029-237b-4400-88a0-e02f7512a04d.jpg', '19:21:06', NULL, '2024-07-25 20:55:03', '2024-07-25 20:55:03', 132, 3, '13.200102', '77.265572', NULL, NULL, 2),
(88, '3', 'Videos', NULL, '19:21:06', '14622582-e06c-4dd2-840c-c21865794638.mp4', '2024-07-25 20:56:21', '2024-07-25 20:56:21', 132, 3, '13.2000371', '77.2655881', NULL, NULL, 2),
(89, '3', 'Top View', '1628d15d-2190-42c3-b4b4-40689e7d0649.jpg', '19:21:06', NULL, '2024-07-25 20:57:55', '2024-07-25 20:57:55', 132, 3, '13.2000371', '77.2655881', NULL, NULL, 2),
(90, '3', 'Bottom View', '6f4523e1-5cfe-4492-bf1d-7d6ed5707534.jpg', '19:21:06', NULL, '2024-07-25 20:58:13', '2024-07-25 20:58:13', 132, 3, '13.2000838', '77.2655751', NULL, NULL, 2),
(91, '4', 'Bottom View', '6521409d-ea4d-45b9-bf76-129416af3233.jpg', '19:28:22', NULL, '2024-07-25 20:58:52', '2024-07-25 20:58:52', 132, 4, '13.2000347', '77.2655897', NULL, NULL, 2),
(92, '4', 'Top View', '00a163cf-9cd8-4ea5-8da8-d112b9a4fefc.jpg', '19:33:15', NULL, '2024-07-25 21:03:38', '2024-07-25 21:03:38', 132, 4, '13.2000347', '77.2655897', NULL, NULL, 2),
(93, '4', 'Left View', '954c97e3-5226-471f-a985-93b5845f6031.jpg', '20:03:08', NULL, '2024-07-25 21:33:36', '2024-07-25 21:33:36', 132, 4, '13.2000391', '77.2655872', NULL, NULL, 2),
(94, '4', 'Right View', 'c1907e0d-ec59-49ad-bc9b-d99a2da89840.jpg', '21:01:03', NULL, '2024-07-25 21:35:56', '2024-07-25 22:31:40', 132, 4, '13.2003418', '77.2655904', NULL, NULL, 2),
(95, '4', 'Front View', 'f6a84964-8324-4458-9b08-e88ac98a7386.jpg', '20:03:08', NULL, '2024-07-25 21:47:18', '2024-07-25 21:47:18', 132, 4, '13.2000405', '77.2655897', NULL, NULL, 2),
(96, '4', 'Back View', '178ab6a8-851a-4877-a141-6560eacebf1d.jpg', '20:03:08', NULL, '2024-07-25 21:47:50', '2024-07-25 21:47:50', 132, 4, '13.2005169', '77.2659421', NULL, NULL, 2),
(97, '4', 'Videos', NULL, '21:01:03', '9d7bced4-38b2-4835-ac5a-f9b5e70306d5.mp4', '2024-07-25 22:32:49', '2024-07-25 22:32:49', 132, 4, '13.2004082', '77.2655492', NULL, NULL, 2),
(98, '2', 'Front View', '0ae3e9b5-0fa9-4c1e-8151-45f0eaf238a4.jpg', '21:06:28', NULL, '2024-07-25 22:36:44', '2024-07-25 22:36:44', 133, 2, '13.2000398', '77.2655888', NULL, NULL, 2),
(99, '2', 'Right View', '2e85bdcd-dc0c-4b1b-aed7-ed6ecfffffe2.jpg', '21:06:28', NULL, '2024-07-25 22:37:02', '2024-07-25 22:37:02', 133, 2, '13.20004', '77.2655851', NULL, NULL, 2),
(100, '2', 'Left View', '7927b41b-6a42-41e1-8a19-0a78fb239ae6.jpg', '21:06:28', NULL, '2024-07-25 22:37:28', '2024-07-25 22:37:28', 133, 2, '13.2000458', '77.2655927', NULL, NULL, 2),
(101, '2', 'Back View', 'e0d98352-3123-4865-940f-9637386de425.jpg', '21:06:28', NULL, '2024-07-25 22:38:00', '2024-07-25 22:38:00', 133, 2, '13.2000323', '77.2655904', NULL, NULL, 2),
(102, '2', 'Top View', '05f4cf28-7b62-4527-8157-fa07038d1147.jpg', '21:06:28', NULL, '2024-07-25 22:38:22', '2024-07-25 22:38:22', 133, 2, '13.2000388', '77.2655863', NULL, NULL, 2),
(103, '2', 'Bottom View', '8c09c9c1-9c17-494e-a227-9804a7750aae.jpg', '21:06:28', NULL, '2024-07-25 22:38:35', '2024-07-25 22:42:30', 133, 2, '13.2000375', '77.2655877', NULL, NULL, 2),
(104, '2', 'Videos', NULL, '21:06:28', '40282c1f-562e-4a28-a14c-934ec99dc804.mp4', '2024-07-25 22:51:05', '2024-07-25 22:51:05', 133, 2, '13.2000405', '77.2655865', NULL, NULL, 2),
(105, '4', 'Left View', '06554831-a8bd-47de-943a-ae87d17af397.jpg', '08:57:36', NULL, '2024-07-26 10:28:05', '2024-07-26 10:28:05', 133, 4, '13.2004083', '77.2657184', NULL, NULL, 2),
(106, '4', 'Right View', '4b4f2471-4423-46e9-bd13-5a2b2eac6b6f.jpg', '08:57:36', NULL, '2024-07-26 10:28:22', '2024-07-26 10:28:22', 133, 4, '13.2004083', '77.2657184', NULL, NULL, 2),
(107, '4', 'Front View', '317726e9-f141-42d0-a7e3-05f98162ec9d.jpg', '08:57:36', NULL, '2024-07-26 10:28:45', '2024-07-26 10:28:45', 133, 4, '13.2004048', '77.265925', NULL, NULL, 2),
(108, '4', 'Back View', '1f66cdd5-bc7a-497d-bce8-28083909b5fe.jpg', '08:57:36', NULL, '2024-07-26 10:29:12', '2024-07-26 10:29:12', 133, 4, '13.2004048', '77.265925', NULL, NULL, 2),
(109, '4', 'Top View', '41d5b654-f8cf-4579-8755-4c28a1a19fe6.jpg', '08:57:36', NULL, '2024-07-26 10:29:33', '2024-07-26 10:29:33', 133, 4, '13.2004048', '77.265925', NULL, NULL, 2),
(110, '4', 'Bottom View', '63a60a53-1083-4d4f-970d-f511b0bb081b.jpg', '08:57:36', NULL, '2024-07-26 10:29:50', '2024-07-26 10:29:50', 133, 4, '13.2002953', '77.2658077', NULL, NULL, 2),
(111, '4', 'Videos', NULL, '08:57:36', 'f82266f5-b5e7-4553-8598-64adaf089ce9.mp4', '2024-07-26 10:30:54', '2024-07-26 10:30:54', 133, 4, '13.2004064', '77.265871', NULL, NULL, 2),
(112, '3', 'Left View', 'c70dd942-d6fd-4306-9642-a17769a56e3d.jpg', '12:01:15', NULL, '2024-07-26 13:31:53', '2024-07-26 13:31:53', 133, 3, '13.2007131', '77.2659748', NULL, NULL, 2),
(113, '3', 'Right View', '82654719-d5f2-4621-a299-2755cf783218.jpg', '12:01:15', NULL, '2024-07-26 13:32:13', '2024-07-26 13:32:13', 133, 3, '13.20071', '77.2659703', NULL, NULL, 2),
(114, '3', 'Top View', '11a5e73e-b413-4846-bbce-be6515cecdd5.jpg', '12:01:15', NULL, '2024-07-26 13:32:35', '2024-07-26 13:32:35', 133, 3, '13.20071', '77.2659703', NULL, NULL, 2),
(115, '3', 'Bottom View', '377aa988-b1af-489a-9dcb-df30d44c7656.jpg', '12:01:15', NULL, '2024-07-26 13:32:46', '2024-07-26 13:32:46', 133, 3, '13.2007163', '77.2659804', NULL, NULL, 2),
(116, '3', 'Back View', '2772520b-b536-4615-91be-995abeb3ae2b.jpg', '12:01:15', NULL, '2024-07-26 13:34:28', '2024-07-26 13:34:28', 133, 3, '13.2007113', '77.2659749', NULL, NULL, 2),
(117, '3', 'Front View', 'a7f4b9da-7965-4dae-b8e3-f32a2bd8c446.jpg', '12:01:15', NULL, '2024-07-26 13:34:50', '2024-07-26 13:34:50', 133, 3, '13.2007113', '77.2659749', NULL, NULL, 2),
(118, '2', 'Left View', 'c9288d2e-4e22-4a5d-9d08-c54c12030e04.jpg', '12:06:18', NULL, '2024-07-26 13:36:28', '2024-07-26 13:36:28', 135, 2, '19.2133642', '72.8494032', NULL, NULL, 2),
(119, '2', 'Videos', NULL, '12:06:18', '18c4f7d1-7a60-46a8-b8d2-7e40bccacad4.mp4', '2024-07-26 13:39:06', '2024-07-26 13:39:06', 135, 2, '19.2133642', '72.8494032', NULL, NULL, 2),
(120, '2', 'Videos', NULL, '12:53:02', '20e01e14-c8b8-4479-9984-af754ef8a69e.mp4', '2024-07-26 14:20:31', '2024-07-26 14:24:50', 136, 2, '19.2045977', '72.9457533', NULL, NULL, 2),
(121, '2', 'Right View', 'd9143861-0a09-496c-beda-de56cbf5d39c.jpg', '12:50:36', NULL, '2024-07-26 14:21:00', '2024-07-26 14:21:00', 136, 2, '19.2046004', '72.9457559', NULL, NULL, 2),
(122, '2', 'Right View', '13c8e316-274f-4d8b-b19d-79b7f8aaa36f.jpg', '16:08:33', NULL, '2024-07-30 17:39:44', '2024-07-30 17:39:44', 137, 2, '13.20013', '77.2655973', NULL, NULL, 2),
(123, '2', 'Front View', '9604f066-b661-4e03-8d4f-1afd05f03e84.jpg', '16:08:33', NULL, '2024-07-30 17:40:13', '2024-07-30 17:40:13', 137, 2, '13.2001045', '77.2655967', NULL, NULL, 2),
(124, '2', 'Left View', 'a9c35c4a-1619-4b8c-b124-9908fce9c7a5.jpg', '16:08:33', NULL, '2024-07-30 17:40:37', '2024-07-30 17:40:37', 137, 2, '13.2000653', '77.2655776', NULL, NULL, 2),
(125, '2', 'Bottom View', 'e1a99ff0-5fd1-4316-a2b9-75ee04a74540.jpg', '16:08:33', NULL, '2024-07-30 17:41:42', '2024-07-30 17:41:42', 137, 2, '13.2000779', '77.2655655', NULL, NULL, 2),
(126, '2', 'Back View', '24b1396f-fd15-446f-ab5b-52ab815f5bee.jpg', '16:08:33', NULL, '2024-07-30 17:45:24', '2024-07-30 17:45:24', 137, 2, '13.2000559', '77.265585', NULL, NULL, 2),
(127, '2', 'Videos', NULL, '16:08:33', NULL, '2024-07-30 17:46:48', '2024-07-30 17:46:48', 137, 2, '13.2002021', '77.2656353', NULL, NULL, 2),
(128, '2', 'Top View', 'a66aa991-e875-4652-9714-89188b00d79d.jpg', '16:08:33', NULL, '2024-07-30 17:54:03', '2024-07-30 17:54:03', 137, 2, '13.2002021', '77.2656353', NULL, NULL, 2),
(129, '3', 'Front View', '3ddc9937-43a4-4330-829a-3d9196104e59.jpg', '10:11:15', NULL, '2024-07-31 11:41:35', '2024-07-31 11:41:35', 137, 3, '13.1999329', '77.2658303', NULL, NULL, 2),
(130, '3', 'Right View', 'd8c50de3-31e1-4d10-aa2b-a5e3f279a8d8.jpg', '10:11:15', NULL, '2024-07-31 11:41:51', '2024-07-31 11:41:51', 137, 3, '13.1999329', '77.2658303', NULL, NULL, 2),
(131, '3', 'Left View', 'c93d8b38-3929-4af8-a767-129cb44f2edd.jpg', '10:11:15', NULL, '2024-07-31 11:42:07', '2024-07-31 11:42:07', 137, 3, '13.1998608', '77.265824', NULL, NULL, 2),
(132, '3', 'Back View', '90138857-8a01-4584-8e3a-f3db760cd442.jpg', '10:11:15', NULL, '2024-07-31 11:42:29', '2024-07-31 11:42:29', 137, 3, '13.1999896', '77.2658887', NULL, NULL, 2),
(133, '3', 'Videos', NULL, '10:11:15', '9070bff9-c7ad-4b37-8e24-39b836584805.mp4', '2024-07-31 11:43:50', '2024-07-31 11:43:50', 137, 3, '13.2000667', '77.265584', NULL, NULL, 2),
(134, '3', 'Top View', 'b4371d87-b337-493f-82a2-1d19dbc755df.jpg', '10:11:15', NULL, '2024-07-31 11:44:35', '2024-07-31 11:44:35', 137, 3, '13.2000667', '77.265584', NULL, NULL, 2),
(135, '4', 'Right View', '23e3e537-e7ca-4f52-ae12-b93b53802d04.jpg', '13:58:26', NULL, '2024-07-31 15:29:21', '2024-07-31 15:29:21', 137, 4, '13.2007081', '77.2659639', NULL, NULL, 2),
(136, '4', 'Bottom View', 'a879d86f-8cc9-4350-93de-15a77e5f9cfa.jpg', '13:58:26', NULL, '2024-07-31 15:29:48', '2024-07-31 15:29:48', 137, 4, '13.2008256', '77.2653918', NULL, NULL, 2),
(137, '4', 'Front View', '6e1168db-8ef0-4863-9d3d-522fb5825b0b.jpg', '13:58:26', NULL, '2024-07-31 15:30:27', '2024-07-31 15:30:27', 137, 4, '13.2007543', '77.2653473', NULL, NULL, 2),
(138, '4', 'Back View', '999e0f8d-afe9-481b-8221-3d54d2c4d7fd.jpg', '13:58:26', NULL, '2024-07-31 15:31:38', '2024-07-31 15:31:38', 137, 4, '13.200879', '77.2652817', NULL, NULL, 2),
(139, '4', 'Top View', '11026091-dc80-4e6e-914d-6bb4b59bce58.jpg', '13:58:26', NULL, '2024-07-31 15:32:12', '2024-07-31 15:32:12', 137, 4, '13.2008764', '77.2654685', NULL, NULL, 2),
(140, '3', 'Bottom View', 'a5ca6a4d-6bf8-45b1-97bf-a3384f6aed70.jpg', '14:02:18', NULL, '2024-07-31 15:32:33', '2024-07-31 15:32:33', 137, 3, '13.2008132', '77.2654794', NULL, NULL, 2),
(141, '4', 'Left View', '26c8c9a8-af41-428d-b383-02b4e9309700.jpg', '17:04:30', NULL, '2024-07-31 18:34:56', '2024-07-31 18:34:56', 137, 4, '13.2007468', '77.2653909', NULL, NULL, 2),
(142, '4', 'Videos', NULL, '17:04:30', '787f2d4f-d0da-4926-894c-a2d646ebb968.mp4', '2024-07-31 18:36:23', '2024-07-31 18:36:23', 137, 4, '13.2008895', '77.2653659', NULL, NULL, 2),
(143, '2', 'Reason', NULL, '10:09:38', NULL, '2024-08-05 11:39:45', '2024-08-05 11:39:45', 140, 2, '13.1994967', '77.2655459', NULL, 'Na', 2),
(144, '3', 'Front View', '8dca0dab-fdbd-4f40-8c08-b531ec13245c.jpg', '10:09:47', NULL, '2024-08-05 11:40:09', '2024-08-05 11:40:09', 140, 3, '13.1998121', '77.2659319', NULL, NULL, 2),
(145, '3', 'Left View', 'a9c98720-2086-4ee1-9c9f-254e0368b1c6.jpg', '10:09:47', NULL, '2024-08-05 11:41:03', '2024-08-05 11:41:03', 140, 3, '13.1994804', '77.2655898', NULL, NULL, 2),
(146, '3', 'Back View', 'c205e867-450c-4173-8108-08fbf244581a.jpg', '10:09:47', NULL, '2024-08-05 11:41:28', '2024-08-05 11:41:28', 140, 3, '13.1999343', '77.2654893', NULL, NULL, 2),
(147, '3', 'Videos', NULL, '10:12:18', 'ea3452a4-8258-4a62-a226-f67d6b2cb32f.mp4', '2024-08-05 11:43:41', '2024-08-05 11:43:41', 140, 3, '13.1994667', '77.2655949', NULL, NULL, 2),
(148, '3', 'Top View', 'd5a86022-f5ce-474d-881e-096fdc4aaf40.jpg', '10:12:18', NULL, '2024-08-05 11:44:07', '2024-08-05 11:44:07', 140, 3, '13.1994667', '77.2655949', NULL, NULL, 2),
(149, '3', 'Right View', '4a662ee9-1593-4ab4-83ba-72a013058130.jpg', '10:16:38', NULL, '2024-08-05 11:47:05', '2024-08-05 11:47:05', 140, 3, '13.1997983', '77.2659977', NULL, NULL, 2),
(150, '2', 'Left View', '459d653d-8bf3-4640-bee4-be0469d566eb.jpg', '10:57:09', NULL, '2024-08-05 12:28:56', '2024-08-05 12:28:56', 140, 2, '13.200719', '77.2659842', NULL, NULL, 2),
(151, '2', 'Right View', '6a571c8d-2aa8-454c-93ae-43df323f089f.jpg', '10:57:09', NULL, '2024-08-05 12:29:10', '2024-08-05 12:29:10', 140, 2, '13.200721', '77.2659813', NULL, NULL, 2),
(152, '2', 'Top View', '4bbbd3f4-ad66-4c1d-a096-00c8d678b26a.jpg', '10:57:09', NULL, '2024-08-05 12:29:16', '2024-08-05 12:29:16', 140, 2, '13.200721', '77.2659813', NULL, NULL, 2),
(153, '2', 'Back View', '7ba9c61a-421d-491f-b6ea-7bcd292a9ef5.jpg', '10:57:09', NULL, '2024-08-05 12:29:36', '2024-08-05 12:29:36', 140, 2, '13.2008491', '77.2661021', NULL, NULL, 2),
(154, '2', 'Front View', '36b5448f-6044-449c-a00e-530dca06ef84.jpg', '10:57:09', NULL, '2024-08-05 12:29:45', '2024-08-05 12:29:45', 140, 2, '13.2008491', '77.2661021', NULL, NULL, 2),
(155, '2', 'Back View', '39f5003d-882c-4661-ae3e-2aef87e74454.jpg', '13:10:38', NULL, '2024-08-05 14:41:19', '2024-08-05 14:41:19', 139, 2, '13.200051', '77.2661089', NULL, NULL, 2),
(156, '2', 'Front View', 'bb0ae3c0-f2ec-4bf8-b6df-20c786e88499.jpg', '13:10:38', NULL, '2024-08-05 14:42:33', '2024-08-05 14:42:33', 139, 2, '13.1995066', '77.2655867', NULL, NULL, 2),
(157, '2', 'Right View', '853aab2d-3072-45f9-a055-8ad923bdd0d3.jpg', '13:10:38', NULL, '2024-08-05 14:43:54', '2024-08-05 14:43:54', 139, 2, '13.1998502', '77.2655429', NULL, NULL, 2),
(158, '2', 'Left View', '6405a75c-0cc9-4278-a815-93ac30d8e952.jpg', '13:10:38', NULL, '2024-08-05 14:46:30', '2024-08-05 14:46:30', 139, 2, '13.1994947', '77.2655699', NULL, NULL, 2),
(159, '2', 'Top View', '6da000a5-2609-4918-98e5-4fb689f1498b.jpg', '13:10:38', NULL, '2024-08-05 14:49:53', '2024-08-05 14:49:53', 139, 2, '13.1994942', '77.2655383', NULL, NULL, 2),
(160, '2', 'Reason', NULL, '13:23:20', NULL, '2024-08-05 14:53:31', '2024-08-05 14:53:31', 139, 2, '13.1994681', '77.2655955', NULL, 'Na', 2),
(161, '3', 'Back View', 'e1160ee8-a9ce-449d-92d1-393b82454550.jpg', '15:18:10', NULL, '2024-08-05 16:48:36', '2024-08-05 16:48:36', 139, 3, '13.1995002', '77.2655901', NULL, NULL, 2),
(162, '3', 'Right View', 'c73c35f9-bb2b-44f1-b797-506091f36b3a.jpg', '15:18:10', NULL, '2024-08-05 16:48:54', '2024-08-05 16:48:54', 139, 3, '13.1998412', '77.2656366', NULL, NULL, 2),
(163, '3', 'Front View', '5666fadb-3241-4232-991f-7e70d06f43cf.jpg', '15:18:10', NULL, '2024-08-05 16:49:11', '2024-08-05 16:49:11', 139, 3, '13.1999802', '77.2656629', NULL, NULL, 2),
(164, '3', 'Left View', '65312b91-768d-4de5-a4cb-42c616f43479.jpg', '15:18:10', NULL, '2024-08-05 16:49:37', '2024-08-05 16:49:37', 139, 3, '13.1998005', '77.2658672', NULL, NULL, 2),
(165, '3', 'Videos', NULL, '15:18:10', '6d4397b8-b8a3-47e4-bb88-370fd844afa1.mp4', '2024-08-05 16:51:00', '2024-08-05 16:51:00', 139, 3, '13.1999573', '77.2656404', NULL, NULL, 2),
(166, '3', 'Top View', '92b1a133-8ada-477d-96ba-4093e512971f.jpg', '15:18:10', NULL, '2024-08-05 16:51:47', '2024-08-05 16:51:47', 139, 3, '13.1999573', '77.2656404', NULL, NULL, 2),
(167, '3', 'Bottom View', 'd04b4608-7610-4daf-8fa9-0f7cdddb2676.jpg', '16:05:06', NULL, '2024-08-05 17:35:20', '2024-08-05 17:35:20', 140, 3, '13.2000348', '77.2656284', NULL, NULL, 2),
(168, '3', 'Bottom View', 'b9560b22-874e-4264-8673-377623c9f6ba.jpg', '16:07:56', NULL, '2024-08-05 17:38:10', '2024-08-05 17:38:10', 139, 3, NULL, NULL, NULL, NULL, 2),
(169, '4', 'Right View', '8b8cfec7-a127-4f0c-ac72-410387d7625c.jpg', '17:38:44', NULL, '2024-08-05 19:09:06', '2024-08-05 19:09:06', 140, 4, '13.2005306', '77.2657704', NULL, NULL, 2),
(170, '4', 'Left View', '05d25a20-51be-418e-94ee-5f3592de2420.jpg', '17:38:44', NULL, '2024-08-05 19:09:26', '2024-08-05 19:09:26', 140, 4, '13.2005306', '77.2657704', NULL, NULL, 2),
(171, '4', 'Front View', 'ffee0ace-19f0-4f84-9129-5a2f00b02241.jpg', '17:38:44', NULL, '2024-08-05 19:09:53', '2024-08-05 19:09:53', 140, 4, '13.2005334', '77.2658089', NULL, NULL, 2),
(172, '4', 'Back View', '98cf5480-fc5a-4129-8927-a0249c64e182.jpg', '17:38:44', NULL, '2024-08-05 19:13:57', '2024-08-05 19:13:57', 140, 4, '13.2005042', '77.2659233', NULL, NULL, 2),
(173, '4', 'Bottom View', '6365973c-7558-45ca-af07-c286178cd84c.jpg', '17:38:44', NULL, '2024-08-05 19:14:20', '2024-08-05 19:14:20', 140, 4, '13.2003558', '77.2656947', NULL, NULL, 2),
(174, '4', 'Left View', 'f846d540-08f5-4371-8232-9b9c569f902b.jpg', '17:45:59', NULL, '2024-08-05 19:16:20', '2024-08-05 19:16:20', 139, 4, '13.2005751', '77.2657272', NULL, NULL, 2),
(175, '4', 'Back View', '5976e8cc-c168-465b-a1b5-f12100f4f746.jpg', '17:45:59', NULL, '2024-08-05 19:16:52', '2024-08-05 19:16:52', 139, 4, '13.2005632', '77.2657423', NULL, NULL, 2),
(176, '4', 'Right View', '92f884fa-1cb0-4a2f-bfcd-9aa21cb3b888.jpg', '17:45:59', NULL, '2024-08-05 19:20:20', '2024-08-05 19:20:20', 139, 4, '13.2020382', '77.26512', NULL, NULL, 2),
(177, '4', 'Bottom View', '9dbd6620-49ca-447e-912f-343311eef034.jpg', '17:45:59', NULL, '2024-08-05 19:20:32', '2024-08-05 19:20:32', 139, 4, '13.2004793', '77.2656595', NULL, NULL, 2),
(178, '4', 'Top View', '2245c3b0-21cc-48b0-8b20-6ea261e1e8fc.jpg', '17:45:59', NULL, '2024-08-05 19:20:45', '2024-08-05 19:20:45', 139, 4, '13.2005749', '77.2655608', NULL, NULL, 2),
(179, '4', 'Front View', '4692504a-68d2-4764-8972-02304a804ca6.jpg', '17:45:59', NULL, '2024-08-05 19:21:05', '2024-08-05 19:21:05', 139, 4, '13.2005359', '77.2657171', NULL, NULL, 2),
(180, '4', 'Videos', NULL, '17:55:45', 'b828b4ff-1776-4d12-b3fb-75890cce4259.mp4', '2024-08-05 19:31:55', '2024-08-05 19:31:55', 140, 4, '13.2005127', '77.26569', NULL, NULL, 2),
(181, '2', 'Bottom View', '582bd9e3-5275-4d47-bab5-78bd1ad91fc0.jpg', '17:21:09', NULL, '2024-08-06 18:51:23', '2024-08-06 18:51:23', 140, 2, NULL, NULL, NULL, NULL, 2),
(182, '4', 'Top View', 'd5dbc473-6334-42e6-b0f9-3cbb86f464cc.jpg', '17:21:33', NULL, '2024-08-06 18:52:00', '2024-08-06 18:52:00', 140, 4, '13.2007176', '77.2659843', NULL, NULL, 2),
(183, '2', 'Bottom View', '180a3c73-cc19-4179-a531-eacbf76e7c2a.jpg', '17:24:30', NULL, '2024-08-06 18:54:47', '2024-08-06 18:54:47', 139, 2, NULL, NULL, NULL, NULL, 2),
(184, '2', 'Front View', '1c4e1740-eeda-408c-bc86-babde100bd59.jpg', '16:22:53', NULL, '2024-08-10 17:53:24', '2024-08-10 17:53:24', 141, 2, '13.2000639', '77.2659503', NULL, NULL, 2),
(185, '2', 'Right View', '0e655571-802d-4fe5-addc-549fe4d74e3e.jpg', '16:22:53', NULL, '2024-08-10 17:53:44', '2024-08-10 17:53:44', 141, 2, '13.2001338', '77.2656078', NULL, NULL, 2),
(186, '2', 'Left View', 'ea4a4c33-9e27-463d-91a8-5bcc746e2337.jpg', '16:22:53', NULL, '2024-08-10 17:54:08', '2024-08-10 17:54:08', 141, 2, '13.2000827', '77.2658582', NULL, NULL, 2),
(187, '2', 'Back View', 'a72b847d-40d2-462e-a622-473b81f4e0e0.jpg', '16:22:53', NULL, '2024-08-10 17:55:35', '2024-08-10 17:55:35', 141, 2, '13.2000001', '77.2655345', NULL, NULL, 2),
(188, '2', 'Top View', '7ecd5f06-a596-4a17-b7dd-5ba69a12cbcc.jpg', '16:22:53', NULL, '2024-08-10 17:55:50', '2024-08-10 17:55:50', 141, 2, '13.2000338', '77.2655965', NULL, NULL, 2),
(189, '2', 'Videos', NULL, '16:22:53', '4fcf091f-5464-4f28-84e9-6d6ec3ff731d.mp4', '2024-08-10 17:57:26', '2024-08-10 17:57:26', 141, 2, '13.200162', '77.2656178', NULL, NULL, 2),
(190, '2', 'Right View', 'bd29528f-b794-4261-ad8d-d111b1f84ebd.jpg', '16:27:52', NULL, '2024-08-10 17:58:12', '2024-08-10 17:58:12', 142, 2, NULL, NULL, NULL, NULL, 2),
(191, '2', 'Left View', '545de109-67d3-47ac-85ef-bcbab45e4ca4.jpg', '16:27:52', NULL, '2024-08-10 17:58:53', '2024-08-10 17:58:53', 142, 2, '13.199566', '77.2659247', NULL, NULL, 2),
(192, '2', 'Front View', '6a1e2d26-b7b6-412a-8343-b4575350263e.jpg', '16:27:52', NULL, '2024-08-10 17:59:32', '2024-08-10 17:59:32', 142, 2, '13.2001173', '77.2656326', NULL, NULL, 2),
(193, '2', 'Back View', '3bd69574-467e-4cd8-8514-32ad8af92067.jpg', '16:27:52', NULL, '2024-08-10 18:00:01', '2024-08-10 18:00:01', 142, 2, '13.20014', '77.2656002', NULL, NULL, 2),
(194, '2', 'Top View', '5a08c3f8-c5b1-4b10-ae8b-04a3cd9a4c13.jpg', '16:27:52', NULL, '2024-08-10 18:00:14', '2024-08-10 18:00:14', 142, 2, '13.1998537', '77.265439', NULL, NULL, 2),
(195, '2', 'Videos', NULL, '16:27:52', 'c00a763a-4627-4bc2-83f2-7d546f7068ba.mp4', '2024-08-10 18:01:28', '2024-08-10 18:01:28', 142, 2, '13.1993604', '77.2656582', NULL, NULL, 2),
(196, '3', 'Left View', '06d8b05c-8398-427c-bb51-bd3e80462c9d.jpg', '09:17:09', NULL, '2024-08-12 10:47:37', '2024-08-12 10:47:37', 141, 3, '13.1994849', '77.2655909', NULL, NULL, 2),
(197, '3', 'Front View', '8a430725-2061-420c-bd95-fb28b1b635b0.jpg', '09:17:09', NULL, '2024-08-12 10:48:01', '2024-08-12 10:48:01', 141, 3, '13.199487', '77.2656222', NULL, NULL, 2),
(198, '3', 'Right View', '98b13d8d-dae9-4ee1-a54a-10b6f4458b8f.jpg', '09:17:09', NULL, '2024-08-12 10:49:40', '2024-08-12 10:49:40', 141, 3, '13.2000345', '77.2655967', NULL, NULL, 2),
(199, '3', 'Videos', NULL, '09:17:09', '26fbd8a6-30c2-4810-a3d7-55dc4f83c058.mp4', '2024-08-12 10:51:24', '2024-08-12 10:51:24', 141, 3, '13.1994721', '77.2655936', NULL, NULL, 2),
(200, '3', 'Back View', 'e53413e1-e34e-4c16-bfa5-f23fd4c5c319.jpg', '09:17:09', NULL, '2024-08-12 10:52:35', '2024-08-12 10:52:35', 141, 3, '13.1994721', '77.2655936', NULL, NULL, 2),
(201, '3', 'Left View', '4f1c720d-fb32-4bbc-87e5-1f887caf1e6d.jpg', '09:23:09', NULL, '2024-08-12 10:53:38', '2024-08-12 10:53:38', 142, 3, '13.199449', '77.2655457', NULL, NULL, 2),
(202, '3', 'Front View', '14e14604-28a8-410e-b47a-1588c6ba96db.jpg', '09:23:09', NULL, '2024-08-12 10:54:29', '2024-08-12 10:54:29', 142, 3, '13.1995147', '77.2655367', NULL, NULL, 2),
(203, '3', 'Right View', '1d1b7ac6-20be-422f-9b81-bda82f96eb09.jpg', '09:23:09', NULL, '2024-08-12 10:54:54', '2024-08-12 10:54:54', 142, 3, '13.1994683', '77.2655944', NULL, NULL, 2),
(204, '3', 'Back View', '79b3d8fd-7c7b-43d0-9385-4b0df6da6e15.jpg', '09:23:09', NULL, '2024-08-12 10:55:53', '2024-08-12 10:55:53', 142, 3, '13.1995086', '77.2655912', NULL, NULL, 2),
(205, '3', 'Videos', NULL, '09:23:09', '0cf4f0c5-7ce2-4aea-b7c9-52d0e3659954.mp4', '2024-08-12 10:57:26', '2024-08-12 10:57:26', 142, 3, '13.1995111', '77.2655906', NULL, NULL, 2),
(206, '3', 'Top View', 'c2c27201-e56e-4d5a-9f32-82fb4c2c2a71.jpg', '09:23:09', NULL, '2024-08-12 10:57:58', '2024-08-12 10:57:58', 142, 3, '13.1995111', '77.2655906', NULL, NULL, 2),
(207, '3', 'Bottom View', '9ac2e91d-ff54-462f-801e-6785a2748193.jpg', '14:28:30', NULL, '2024-08-12 15:58:45', '2024-08-12 15:58:45', 142, 3, '13.2004526', '77.265712', NULL, NULL, 2),
(208, '3', 'Top View', '3d9163e6-c986-4529-ac91-3e2ffc74bc8a.jpg', '14:34:32', NULL, '2024-08-12 15:59:30', '2024-08-12 16:04:51', 141, 3, '13.2001169', '77.2659646', NULL, NULL, 2),
(209, '3', 'Bottom View', '1a543d83-ab4e-452c-87cb-48529433922c.jpg', '14:29:18', NULL, '2024-08-12 15:59:54', '2024-08-12 15:59:54', 141, 3, '13.2004866', '77.2657143', NULL, NULL, 2),
(210, '4', 'Left View', 'bba3d390-5e3f-491c-8e2a-20d57287dac7.jpg', '14:29:59', NULL, '2024-08-12 16:00:32', '2024-08-12 16:00:32', 141, 4, '13.2004682', '77.2657281', NULL, NULL, 2),
(211, '4', 'Front View', 'fa0a95ac-7830-4a17-9689-3a9288dda768.jpg', '14:29:59', NULL, '2024-08-12 16:00:59', '2024-08-12 16:00:59', 141, 4, '13.2004866', '77.2657394', NULL, NULL, 2),
(212, '4', 'Right View', '929a4778-0a33-4544-93da-cc02cc9a1038.jpg', '14:29:59', NULL, '2024-08-12 16:03:50', '2024-08-12 16:03:50', 141, 4, '13.2004705', '77.265737', NULL, NULL, 2),
(213, '4', 'Top View', 'c6510e14-b42e-4984-91b1-f859446fe510.jpg', '14:29:59', NULL, '2024-08-12 16:04:08', '2024-08-12 16:04:08', 141, 4, '13.2000307', '77.2655961', NULL, NULL, 2),
(214, '4', 'Bottom View', 'ba8f7545-048d-40a6-b8a0-f339610c82ee.jpg', '14:29:59', NULL, '2024-08-12 16:04:26', '2024-08-12 16:04:26', 141, 4, '13.2000783', '77.2659346', NULL, NULL, 2),
(215, '4', 'Back View', '9f2e50fe-89d0-4991-9992-15f35528b83a.jpg', '15:09:16', NULL, '2024-08-12 16:10:05', '2024-08-12 16:42:02', 141, 4, '13.2009083', '77.2656227', NULL, NULL, 2),
(216, '4', 'Back View', 'c065a39b-9613-4f5b-846d-be0ee9b086b9.jpg', '15:12:30', NULL, '2024-08-12 16:10:49', '2024-08-12 16:42:55', 142, 4, '13.2009523', '77.265473', NULL, NULL, 2),
(217, '4', 'Left View', 'eb1a238b-f10c-45f0-ad8d-ea22fac7dc8c.jpg', '14:40:29', NULL, '2024-08-12 16:11:14', '2024-08-12 16:11:14', 142, 4, '13.1999418', '77.2655916', NULL, NULL, 2),
(218, '4', 'Right View', '036c24b4-ea16-4031-8efa-b6a94997695c.jpg', '14:40:29', NULL, '2024-08-12 16:11:33', '2024-08-12 16:11:33', 142, 4, '13.1999418', '77.2655916', NULL, NULL, 2),
(219, '4', 'Front View', '00ee688f-75bc-4448-a07c-511fb712a314.jpg', '14:40:29', NULL, '2024-08-12 16:11:53', '2024-08-12 16:11:53', 142, 4, '13.1999436', '77.2656635', NULL, NULL, 2),
(220, '4', 'Videos', NULL, '14:40:29', '90648153-5efa-4ff2-8575-b08b30788671.mp4', '2024-08-12 16:14:53', '2024-08-12 16:14:53', 142, 4, '13.2002116', '77.2656878', NULL, NULL, 2),
(221, '4', 'Videos', NULL, '15:09:16', '53e17db0-3d57-45e8-933f-5561d778edde.mp4', '2024-08-12 16:40:52', '2024-08-12 16:40:52', 141, 4, '13.2009083', '77.2656227', NULL, NULL, 2),
(222, '4', 'Bottom View', '202c436c-f42e-4bb0-917a-9500309545d2.jpg', '15:12:30', NULL, '2024-08-12 16:43:12', '2024-08-12 16:43:12', 142, 4, '13.2009351', '77.2654621', NULL, NULL, 2),
(223, '4', 'Top View', '80a08b13-9dc1-4c92-af00-af80a9bd2a3e.jpg', '15:12:30', NULL, '2024-08-12 16:43:23', '2024-08-12 16:43:23', 142, 4, '13.2009351', '77.2654621', NULL, NULL, 2),
(224, '2', 'Bottom View', '03d75db2-be1f-4a64-95e9-57b0e678de5c.jpg', '15:42:37', NULL, '2024-08-12 17:12:49', '2024-08-12 17:12:49', 142, 2, '13.2007165', '77.2659813', NULL, NULL, 2),
(225, '2', 'Bottom View', 'e0e0e747-b98f-40e2-a9a1-7a993c521649.jpg', '15:43:04', NULL, '2024-08-12 17:13:18', '2024-08-12 17:13:18', 141, 2, '13.2007788', '77.266094', NULL, NULL, 2),
(226, '2', 'Left View', '449f11e9-599a-412a-8f32-5ee1b1a7d55a.jpg', '16:43:20', NULL, '2024-08-13 12:26:55', '2024-08-13 18:14:20', 143, 2, '13.199741', '77.2655567', NULL, NULL, 2),
(227, '2', 'Right View', 'dcdc3e34-44a2-496e-a945-faac4bf87ade.jpg', '16:43:20', NULL, '2024-08-13 12:27:28', '2024-08-13 18:21:46', 143, 2, '13.1996312', '77.2655753', NULL, NULL, 2),
(228, '2', 'Front View', '0a8b4056-c755-4d45-bbb7-01040c124065.jpg', '16:43:20', NULL, '2024-08-13 18:13:43', '2024-08-13 18:13:43', 143, 2, '13.2002611', '77.2660916', NULL, NULL, 2),
(229, '2', 'Top View', '6f533949-54e5-4ace-a47b-c2927ea5b123.jpg', '16:43:20', NULL, '2024-08-13 18:15:40', '2024-08-13 18:15:40', 143, 2, '13.1999885', '77.2656196', NULL, NULL, 2),
(230, '2', 'Videos', NULL, '16:52:03', '6b40d573-641d-43ff-9f24-74c8cf9c430f.mp4', '2024-08-13 18:23:17', '2024-08-13 18:23:17', 143, 2, '13.1997022', '77.2659346', NULL, NULL, 2),
(231, '2', 'Back View', 'c343d5b5-60f1-438c-9df2-e64efbeaee40.jpg', '16:52:03', NULL, '2024-08-13 18:31:25', '2024-08-13 18:31:25', 143, 2, '13.1997022', '77.2659346', NULL, NULL, 2),
(232, '3', 'Front View', '0b278aa2-5f16-4d8a-80f4-0d1625aeec7b.jpg', '20:35:38', NULL, '2024-08-13 22:07:10', '2024-08-13 22:07:10', 143, 3, '13.1999062', '77.2656057', NULL, NULL, 2),
(233, '3', 'Back View', '8fc843e0-f787-4498-bf6f-c9bc34a363c7.jpg', '20:35:38', NULL, '2024-08-13 22:09:05', '2024-08-13 22:09:05', 143, 3, '13.2000144', '77.2655932', NULL, NULL, 2),
(234, '3', 'Left View', 'e895659d-c895-47e1-9022-876408bc0ccc.jpg', '20:35:38', NULL, '2024-08-13 22:10:30', '2024-08-13 22:10:30', 143, 3, '13.1994714', '77.2655884', NULL, NULL, 2),
(235, '3', 'Right View', '7312bbb1-3dad-4933-9925-554b11fb04d7.jpg', '20:35:38', NULL, '2024-08-13 22:15:22', '2024-08-13 22:15:22', 143, 3, '13.1998769', '77.2656072', NULL, NULL, 2),
(236, '3', 'Videos', NULL, '20:35:38', 'a89d1c43-2505-4c7a-9ab0-5826eff87433.mp4', '2024-08-13 22:17:15', '2024-08-13 22:17:15', 143, 3, '13.1999567', '77.2656007', NULL, NULL, 2),
(237, '3', 'Top View', 'b624675d-5df7-4ddc-99a4-9c0a0485e5c3.jpg', '20:35:38', NULL, '2024-08-13 22:18:07', '2024-08-13 22:18:07', 143, 3, '13.1999567', '77.2656007', NULL, NULL, 2),
(238, '3', 'Bottom View', '831e582d-e639-466c-892e-f185f03a78d8.jpg', '20:35:38', NULL, '2024-08-13 22:18:38', '2024-08-13 22:18:38', 143, 3, '13.1994708', '77.2655907', NULL, NULL, 2),
(239, '4', 'Bottom View', '3b857642-aad7-4393-8fd0-0052f1f6e2d9.jpg', '20:55:27', NULL, '2024-08-13 22:27:11', '2024-08-13 22:27:11', 143, 4, NULL, NULL, NULL, NULL, 2),
(240, '2', 'Bottom View', '6c9d48cb-c17f-48bb-9ad8-59046a6ed0e6.jpg', '21:04:56', NULL, '2024-08-13 22:35:06', '2024-08-13 22:35:06', 143, 2, NULL, NULL, NULL, NULL, 2),
(241, '4', 'Top View', '2d4557d0-1b1f-4f28-94e3-c71499ed61ea.jpg', '21:38:31', NULL, '2024-08-13 23:08:53', '2024-08-13 23:08:53', 143, 4, NULL, NULL, NULL, NULL, 2),
(242, '4', 'Right View', '8b5cebcd-37f6-407f-a290-16669b1251e4.jpg', '21:38:31', NULL, '2024-08-13 23:10:07', '2024-08-13 23:10:07', 143, 4, '13.1994611', '77.2655883', NULL, NULL, 2),
(243, '4', 'Front View', '014528c2-59ee-4767-b1d1-e2768b051451.jpg', '21:38:31', NULL, '2024-08-13 23:10:27', '2024-08-13 23:10:27', 143, 4, '13.1999517', '77.2656251', NULL, NULL, 2),
(244, '4', 'Videos', NULL, '21:38:31', '86e2a6db-4937-44a2-a667-6af253da52e7.mp4', '2024-08-13 23:14:52', '2024-08-13 23:14:52', 143, 4, '13.1999779', '77.2655946', NULL, NULL, 2),
(245, '4', 'Back View', '3e893566-a39f-4f26-aa54-667eea1bbc17.jpg', '21:38:31', NULL, '2024-08-13 23:15:28', '2024-08-13 23:15:28', 143, 4, '13.1999779', '77.2655946', NULL, NULL, 2),
(246, '4', 'Left View', 'f8ae7f76-fd90-4d67-a4f2-bb8e74bae963.jpg', '21:38:31', NULL, '2024-08-13 23:16:04', '2024-08-13 23:16:04', 143, 4, '13.1994696', '77.2655893', NULL, NULL, 2),
(247, '14', 'Left View', '9529f796-920d-47ac-b670-b1df1546783e.jpg', '18:59:25', NULL, '2024-08-14 14:33:22', '2024-08-19 20:34:14', 144, 14, '19.1153298', '72.8610477', NULL, NULL, 11),
(248, '14', 'Reason', NULL, '13:03:04', NULL, '2024-08-14 14:33:44', '2024-08-14 14:33:44', 144, 14, '19.213373', '72.8494265', NULL, 'na', 11),
(249, '2', 'Left View', '9a2d77b4-f8e7-44ca-b9e8-26e52a651465.jpg', '14:38:15', NULL, '2024-08-14 16:09:18', '2024-08-14 16:09:18', 145, 2, '13.1995109', '77.2655864', NULL, NULL, 2),
(250, '2', 'Right View', 'f35280b7-85a4-4c8a-9a8d-c79f083e8d4d.jpg', '14:38:15', NULL, '2024-08-14 16:10:49', '2024-08-14 16:10:49', 145, 2, '13.199487', '77.2656197', NULL, NULL, 2),
(251, '2', 'Back View', '152a1720-b96c-462d-8028-08ced60e09ad.jpg', '14:38:15', NULL, '2024-08-14 16:11:07', '2024-08-14 16:11:07', 145, 2, '13.1994998', '77.2655835', NULL, NULL, 2),
(252, '2', 'Top View', '96b3c88f-ab07-404c-905a-64c666286e46.jpg', '14:38:15', NULL, '2024-08-14 16:11:34', '2024-08-14 16:11:34', 145, 2, '13.1994998', '77.2655835', NULL, NULL, 2),
(253, '2', 'Front View', 'c84eb1ce-1d50-4fa5-b1e8-e8b7bdd229e8.jpg', '14:38:15', NULL, '2024-08-14 16:14:14', '2024-08-14 16:14:14', 145, 2, '13.1994556', '77.265579', NULL, NULL, 2),
(254, '2', 'Right View', '222caa45-b2bd-4332-ab9d-882d5b0f5859.jpg', '14:45:03', NULL, '2024-08-14 16:15:48', '2024-08-14 16:15:48', 146, 2, '13.1994895', '77.2656163', NULL, NULL, 2),
(255, '2', 'Front View', 'ca43c51c-6df2-4344-82d5-47eb0bd48304.jpg', '14:45:03', NULL, '2024-08-14 16:16:11', '2024-08-14 16:16:11', 146, 2, '13.1995098', '77.2655539', NULL, NULL, 2),
(256, '2', 'Left View', 'e48b6567-8d5d-427e-8d16-5cbe3d0e03e4.jpg', '14:45:03', NULL, '2024-08-14 16:16:30', '2024-08-14 16:16:30', 146, 2, '13.1994916', '77.2655902', NULL, NULL, 2),
(257, '2', 'Back View', '6c42e053-a16f-4493-9823-44363f5de0c5.jpg', '14:45:03', NULL, '2024-08-14 16:17:56', '2024-08-14 16:17:56', 146, 2, '13.1998621', '77.2658328', NULL, NULL, 2),
(258, '2', 'Top View', '8f3290ec-c974-48e0-a815-1af99f183bb4.jpg', '14:45:03', NULL, '2024-08-14 16:18:07', '2024-08-14 16:18:07', 146, 2, '13.199813', '77.265628', NULL, NULL, 2),
(259, '2', 'Videos', NULL, '14:45:03', 'bff9376f-d00d-4f43-b1d8-d654740a6b2c.mp4', '2024-08-14 16:19:33', '2024-08-14 16:19:33', 146, 2, '13.1997727', '77.2659711', NULL, NULL, 2),
(260, '2', 'Bottom View', '5c0c576a-4409-41fc-9b29-fe77424ef2a2.jpg', '14:52:40', NULL, '2024-08-14 16:22:55', '2024-08-14 16:22:55', 145, 2, '13.1994728', '77.2655962', NULL, NULL, 2),
(261, '2', 'Videos', NULL, '14:52:40', 'c0c13d00-cd31-4685-afe4-365f1fa8fd11.mp4', '2024-08-14 16:24:32', '2024-08-14 16:24:32', 145, 2, '13.1999345', '77.2656403', NULL, NULL, 2),
(262, '2', 'Bottom View', '8d75e0c2-5699-46ab-907a-deb1569d7bd4.jpg', '14:56:04', NULL, '2024-08-14 16:26:19', '2024-08-14 16:26:19', 146, 2, '13.199642', '77.2655985', NULL, NULL, 2),
(263, '3', 'Front View', '76ad6dc3-1840-4419-8d2c-1c4957e6d621.jpg', '23:45:57', NULL, '2024-08-15 01:16:21', '2024-08-15 01:16:21', 145, 3, NULL, NULL, NULL, NULL, 2),
(264, '3', 'Right View', '52206eb3-1cbd-4b6c-946b-0b6081987059.jpg', '23:45:57', NULL, '2024-08-15 01:17:07', '2024-08-15 01:17:07', 145, 3, '13.2003401', '77.265748', NULL, NULL, 2),
(265, '3', 'Back View', '71fbe32b-ac0b-4ae0-9798-deaf05956ffe.jpg', '23:45:57', NULL, '2024-08-15 01:18:08', '2024-08-15 01:18:08', 145, 3, '13.2003401', '77.265748', NULL, NULL, 2),
(266, '3', 'Left View', '276a4874-a112-481b-b974-5247ca006132.jpg', '23:45:57', NULL, '2024-08-15 01:18:48', '2024-08-15 01:18:48', 145, 3, '13.2003401', '77.265748', NULL, NULL, 2),
(267, '3', 'Videos', NULL, '23:45:57', 'f3d67688-846b-464a-945e-83c874a902fc.mp4', '2024-08-15 01:20:11', '2024-08-15 01:20:11', 145, 3, '13.2007506', '77.2660372', NULL, NULL, 2),
(268, '3', 'Top View', '60857290-8fbd-4344-aa75-24c26e9ff963.jpg', '23:45:57', NULL, '2024-08-15 01:26:40', '2024-08-15 01:26:40', 145, 3, '13.2007506', '77.2660372', NULL, NULL, 2),
(269, '3', 'Bottom View', '1a330fff-fdd3-4b65-a963-4462dbbdce5d.jpg', '23:58:31', NULL, '2024-08-15 01:28:51', '2024-08-15 01:28:51', 145, 3, '13.200736', '77.2660285', NULL, NULL, 2),
(270, '4', 'Bottom View', 'aa8d592c-5d58-4822-8805-3c914c2e598e.jpg', '23:59:43', NULL, '2024-08-15 01:30:11', '2024-08-15 01:30:11', 145, 4, '13.200736', '77.2660285', NULL, NULL, 2),
(271, '3', 'Left View', '7c58ca21-4180-4bbc-833a-0e31ad91d07d.jpg', '00:48:22', NULL, '2024-08-15 02:19:04', '2024-08-15 02:19:04', 146, 3, '13.2007427', '77.2660226', NULL, NULL, 2),
(272, '3', 'Right View', 'c04bf39d-8f57-4033-ac68-3e6a154c1ebe.jpg', '00:48:22', NULL, '2024-08-15 02:19:26', '2024-08-15 02:19:26', 146, 3, '13.2012951', '77.2644017', NULL, NULL, 2),
(273, '3', 'Top View', '97fc2699-79f6-41fd-ae75-bd0747a54bc3.jpg', '00:48:22', NULL, '2024-08-15 02:19:40', '2024-08-15 02:25:35', 146, 3, '13.2082208', '77.2615284', NULL, NULL, 2),
(274, '3', 'Bottom View', 'ff48ac54-0835-4631-aa90-db0bc4687462.jpg', '00:48:22', NULL, '2024-08-15 02:19:52', '2024-08-15 02:19:52', 146, 3, '13.2007427', '77.2660226', NULL, NULL, 2),
(275, '3', 'Back View', 'fac39e69-7902-46cd-91be-985b7b0dc992.jpg', '00:48:22', NULL, '2024-08-15 02:20:06', '2024-08-15 02:20:06', 146, 3, '13.2007427', '77.2660226', NULL, NULL, 2),
(276, '3', 'Front View', 'b8c69d70-d09a-4b7b-a6fd-cb83b0ebb99f.jpg', '00:48:22', NULL, '2024-08-15 02:21:15', '2024-08-15 02:21:15', 146, 3, '13.2007427', '77.2660226', NULL, NULL, 2),
(277, '3', 'Videos', NULL, '00:48:22', 'd240b28c-72e1-4aef-8f3d-eb493d999e14.mp4', '2024-08-15 02:23:29', '2024-08-15 02:23:29', 146, 3, '13.2082208', '77.2615284', NULL, NULL, 2);
INSERT INTO `photographs` (`id`, `type`, `name`, `photo`, `time`, `video`, `created_at`, `updated_at`, `cargo_id`, `zone_id`, `latitude`, `longitude`, `deleted_at`, `reason`, `phase_id`) VALUES
(278, '4', 'Top View', '496158f2-0d90-454e-bd7d-a28cb6389474.jpg', '01:08:07', NULL, '2024-08-15 02:38:26', '2024-08-15 02:38:26', 146, 4, NULL, NULL, NULL, NULL, 2),
(279, '4', 'Bottom View', '9355c9ee-a6ee-4dff-8e05-a9c57b38e50d.jpg', '01:08:07', NULL, '2024-08-15 02:38:50', '2024-08-15 02:39:36', 146, 4, '13.2058365', '77.2633242', NULL, NULL, 2),
(280, '4', 'Back View', '262dbe32-e5a1-423f-b7f4-c821366e5514.jpg', '01:10:39', NULL, '2024-08-15 02:41:09', '2024-08-15 02:41:09', 145, 4, '13.200736', '77.2660285', NULL, NULL, 2),
(281, '4', 'Left View', '9484804a-4b5c-4e03-8637-5e3390267069.jpg', '01:10:39', NULL, '2024-08-15 02:41:37', '2024-08-15 02:44:04', 145, 4, '13.2003599', '77.2658717', NULL, NULL, 2),
(282, '4', 'Right View', '11cd3a29-5608-461b-9d0a-7538633fc6b6.jpg', '01:10:39', NULL, '2024-08-15 02:42:40', '2024-08-15 02:42:40', 145, 4, '13.2007814', '77.2660643', NULL, NULL, 2),
(283, '4', 'Front View', '49af052d-e249-4b3e-a85e-49fd331664ab.jpg', '01:10:39', NULL, '2024-08-15 02:43:01', '2024-08-15 02:43:01', 145, 4, '13.2004857', '77.2658468', NULL, NULL, 2),
(284, '4', 'Top View', '9aeab247-6839-432e-a9bf-5e35b2f45fce.jpg', '01:10:39', NULL, '2024-08-15 02:43:16', '2024-08-15 02:43:16', 145, 4, '13.2004857', '77.2658468', NULL, NULL, 2),
(285, '4', 'Videos', NULL, '01:10:39', 'ff61838c-501e-4e63-b157-ef0ccb7aecbf.mp4', '2024-08-15 02:45:09', '2024-08-15 02:45:09', 145, 4, '13.2003599', '77.2658717', NULL, NULL, 2),
(286, '4', 'Left View', '7326235b-3ee5-4f81-913b-47f01d257fea.jpg', '01:33:21', NULL, '2024-08-15 03:05:30', '2024-08-15 03:05:30', 146, 4, '13.2007353', '77.266035', NULL, NULL, 2),
(287, '4', 'Back View', '3e0d4e77-1e74-45e1-b138-dca24f013730.jpg', '01:33:21', NULL, '2024-08-15 03:06:02', '2024-08-15 03:06:02', 146, 4, '13.2007353', '77.266035', NULL, NULL, 2),
(288, '4', 'Right View', '4fc47c20-27c8-49d5-8bce-8640ba3ac8cb.jpg', '01:33:21', NULL, '2024-08-15 03:11:44', '2024-08-15 03:11:44', 146, 4, '13.2007353', '77.266035', NULL, NULL, 2),
(289, '4', 'Front View', '0f006b31-dc52-403f-a50d-3d2dbbca0183.jpg', '01:33:21', NULL, '2024-08-15 03:12:06', '2024-08-15 03:12:06', 146, 4, '13.2007353', '77.266035', NULL, NULL, 2),
(290, '4', 'Videos', NULL, '01:33:21', '7b8bc376-ce50-4162-8e30-7554dc2f63b5.mp4', '2024-08-15 03:14:58', '2024-08-15 03:14:58', 146, 4, '13.200735', '77.2660323', NULL, NULL, 2),
(291, '14', 'Back View', '6ee093e9-3b51-4911-9b55-05f782d8bdeb.jpg', '18:59:25', NULL, '2024-08-19 20:30:25', '2024-08-19 20:30:25', 144, 14, '19.1153443', '72.8610569', NULL, NULL, 11),
(292, '14', 'Right View', '2905607d-faac-4488-91f6-c42f79a8eab2.jpg', '18:59:25', NULL, '2024-08-19 20:33:04', '2024-08-19 20:33:04', 144, 14, '19.1153166', '72.8610617', NULL, NULL, 11),
(293, '14', 'Top View', '66293ccf-bc09-45c3-bf32-9a1ba21bbf01.jpg', '18:59:25', NULL, '2024-08-19 20:33:34', '2024-08-19 20:33:34', 144, 14, '19.1153398', '72.8610454', NULL, NULL, 11),
(294, '14', 'Bottom View', 'f7d03cee-1afb-46d0-9a50-82040de29973.jpg', '18:59:25', NULL, '2024-08-19 20:33:57', '2024-08-19 20:33:57', 144, 14, '19.1153115', '72.8610515', NULL, NULL, 11),
(295, '2', 'Left View', '93623682-465b-464c-bdfa-daa8086e13ca.jpg', '10:07:55', NULL, '2024-08-20 11:38:26', '2024-08-20 11:38:26', 148, 2, '13.1998991', '77.2656345', NULL, NULL, 2),
(296, '2', 'Right View', 'b0f108b6-806b-460a-af9e-046971932b04.jpg', '10:07:55', NULL, '2024-08-20 11:40:04', '2024-08-20 11:40:04', 148, 2, '13.1997715', '77.2655427', NULL, NULL, 2),
(297, '2', 'Back View', '0bbdd973-18eb-40a3-8dab-fc94634123cc.jpg', '10:07:55', NULL, '2024-08-20 11:45:45', '2024-08-20 11:45:45', 148, 2, '13.1995128', '77.2655687', NULL, NULL, 2),
(298, '2', 'Top View', 'bbf89e84-20ee-4651-8544-1aa673c5f074.jpg', '10:07:55', NULL, '2024-08-20 11:46:12', '2024-08-20 11:46:12', 148, 2, '13.1996066', '77.2655358', NULL, NULL, 2),
(299, '2', 'Front View', '45d47715-8417-4a00-a219-af73a965efc6.jpg', '10:07:55', NULL, '2024-08-20 11:46:44', '2024-08-20 11:46:44', 148, 2, '13.1994813', '77.2655931', NULL, NULL, 2),
(300, '2', 'Videos', NULL, '10:07:55', '2c611da0-ac82-457e-a5ce-9e5a7b822ebc.mp4', '2024-08-20 11:48:14', '2024-08-20 11:48:14', 148, 2, '13.2001094', '77.2656244', NULL, NULL, 2),
(301, '2', 'Bottom View', '20750644-f5c6-49c1-bf5b-9c9bbd56c4f2.jpg', '11:13:40', NULL, '2024-08-20 12:44:10', '2024-08-20 12:44:10', 147, 2, '13.1995068', '77.2655699', NULL, NULL, 2),
(302, '3', 'Front View', '5c82525a-c180-471d-b7fa-0945fca1c2b1.jpg', '11:14:15', NULL, '2024-08-20 12:44:34', '2024-08-20 12:44:34', 147, 3, '13.1998866', '77.2655893', NULL, NULL, 2),
(303, '3', 'Right View', '556c8d54-ddfe-45fd-ac6b-e266a6c744df.jpg', '11:14:15', NULL, '2024-08-20 12:44:51', '2024-08-20 12:44:51', 147, 3, '13.1999857', '77.2656075', NULL, NULL, 2),
(304, '3', 'Left View', 'c882f315-18fb-41df-a13e-deef0632b459.jpg', '11:14:15', NULL, '2024-08-20 12:45:07', '2024-08-20 12:45:07', 147, 3, '13.1996048', '77.2655149', NULL, NULL, 2),
(305, '3', 'Back View', '7a224ea7-c18d-469b-874c-452c76b2fbf7.jpg', '11:14:15', NULL, '2024-08-20 12:45:23', '2024-08-20 12:45:23', 147, 3, '13.1994764', '77.2655928', NULL, NULL, 2),
(306, '3', 'Videos', NULL, '11:14:15', 'f1681984-224e-459c-adee-2218b1759e00.mp4', '2024-08-20 12:46:32', '2024-08-20 12:46:32', 147, 3, '13.1995253', '77.2655671', NULL, NULL, 2),
(307, '3', 'Top View', '8a396994-53bf-4547-bf1f-79aead1220e7.jpg', '11:14:15', NULL, '2024-08-20 12:47:39', '2024-08-20 12:47:39', 147, 3, '13.1995253', '77.2655671', NULL, NULL, 2),
(308, '3', 'Bottom View', '017e985e-b2ee-4f7d-905d-bc44e6e69d8a.jpg', '11:14:15', NULL, '2024-08-20 12:49:21', '2024-08-20 12:49:21', 147, 3, '13.1994577', '77.2655904', NULL, NULL, 2),
(309, '4', 'Back View', 'f95c15f3-8854-409e-972b-e04bca2b82dc.jpg', '14:13:31', NULL, '2024-08-20 15:44:00', '2024-08-20 15:44:00', 147, 4, NULL, NULL, NULL, NULL, 2),
(310, '4', 'Front View', 'fcb8700f-f887-431a-8f91-4fc4eb6e5d1d.jpg', '14:13:31', NULL, '2024-08-20 15:44:45', '2024-08-20 15:44:45', 147, 4, '13.2008642', '77.2653622', NULL, NULL, 2),
(311, '4', 'Left View', 'c2ba1247-150d-4f9c-bfd7-1b5f5e66d46a.jpg', '14:13:31', NULL, '2024-08-20 15:45:09', '2024-08-20 15:45:09', 147, 4, '13.2008642', '77.2653622', NULL, NULL, 2),
(312, '4', 'Right View', '5f4ad8c8-5966-400e-99db-651731e681f9.jpg', '14:13:31', NULL, '2024-08-20 15:45:34', '2024-08-20 15:45:34', 147, 4, '13.2009191', '77.2653334', NULL, NULL, 2),
(313, '4', 'Bottom View', '2f7091d9-1d93-4489-9eb6-482f3a909cba.jpg', '14:13:31', NULL, '2024-08-20 15:46:06', '2024-08-20 15:46:06', 147, 4, '13.2008799', '77.2653503', NULL, NULL, 2),
(314, '4', 'Top View', '72aa4fc7-b0ec-46c8-a08a-15f2df3e6dce.jpg', '14:13:31', NULL, '2024-08-20 15:46:25', '2024-08-20 15:46:25', 147, 4, '13.2008799', '77.2653503', NULL, NULL, 2),
(315, '4', 'Videos', NULL, '14:13:31', '3c87034c-18ac-4d27-b37c-6232dfabfa78.mp4', '2024-08-20 15:48:09', '2024-08-20 15:48:09', 147, 4, '13.2009193', '77.2657431', NULL, NULL, 2),
(316, '2', 'Left View', '4a93e63f-d282-4d06-917e-1d35cfb43495.jpg', '14:20:27', NULL, '2024-08-20 15:51:49', '2024-08-20 15:51:49', 147, 2, NULL, NULL, NULL, NULL, 2),
(317, '2', 'Right View', 'e62d391c-a82e-4fee-b9ab-e52c5f6c8384.jpg', '14:20:27', NULL, '2024-08-20 15:52:23', '2024-08-20 15:52:23', 147, 2, '13.2008365', '77.2654662', NULL, NULL, 2),
(318, '2', 'Top View', '01137b3d-a177-49c2-b648-4c930800f7cc.jpg', '14:20:27', NULL, '2024-08-20 15:52:45', '2024-08-20 15:52:45', 147, 2, '13.2004714', '77.2656965', NULL, NULL, 2),
(319, '2', 'Back View', '353350e7-4cb0-4755-bf29-6dfbfe8b4ac3.jpg', '14:20:27', NULL, '2024-08-20 15:53:47', '2024-08-20 15:53:47', 147, 2, '13.1994794', '77.265572', NULL, NULL, 2),
(320, '2', 'Front View', '1db79889-3cf0-4179-89a2-3e3625c7d661.jpg', '14:20:27', NULL, '2024-08-20 15:54:08', '2024-08-20 15:54:08', 147, 2, '13.1994755', '77.2655935', NULL, NULL, 2),
(321, '2', 'Bottom View', 'e4950108-d695-485a-b28a-13dcd692c56a.jpg', '14:24:51', NULL, '2024-08-20 15:55:11', '2024-08-20 15:55:11', 148, 2, '13.1995673', '77.2655869', NULL, NULL, 2),
(322, '3', 'Front View', '02e380c0-be9c-4702-9bbf-8e801adc28ca.jpg', '17:42:08', NULL, '2024-08-20 19:12:41', '2024-08-20 19:12:41', 148, 3, '13.1996443', '77.2654796', NULL, NULL, 2),
(323, '3', 'Back View', '89a3a1fb-e91e-458d-a5ee-d559d0417435.jpg', '17:42:08', NULL, '2024-08-20 19:16:57', '2024-08-20 19:16:57', 148, 3, '13.1994934', '77.2656179', NULL, NULL, 2),
(324, '3', 'Right View', 'ea9b5f4d-b923-427e-9861-4aff4f018e81.jpg', '17:42:08', NULL, '2024-08-20 19:23:17', '2024-08-20 19:23:17', 148, 3, '13.1994692', '77.2656005', NULL, NULL, 2),
(325, '3', 'Left View', 'c15371d6-4fce-425a-8fa1-d5a4e9dc4d27.jpg', '17:42:08', NULL, '2024-08-20 19:23:43', '2024-08-20 19:23:43', 148, 3, '13.1997948', '77.2655447', NULL, NULL, 2),
(326, '3', 'Videos', NULL, '17:42:08', 'be4bf9c2-aff2-464b-8bed-ddb5366ec098.mp4', '2024-08-20 19:25:11', '2024-08-20 19:25:11', 148, 3, '13.1994742', '77.2656015', NULL, NULL, 2),
(327, '3', 'Top View', '8d5ce3ef-5ba0-41f3-85ec-b2b1d19ac4b9.jpg', '17:42:08', NULL, '2024-08-20 19:28:44', '2024-08-20 19:28:44', 148, 3, '13.1994742', '77.2656015', NULL, NULL, 2),
(328, '3', 'Bottom View', '657f76a3-01ce-4372-b98f-0008a28f27d4.jpg', '18:10:18', NULL, '2024-08-20 19:40:46', '2024-08-20 19:40:46', 148, 3, '13.1999395', '77.2656165', NULL, NULL, 2),
(329, '3', 'Reason', NULL, '18:10:18', NULL, '2024-08-20 19:41:01', '2024-08-20 19:41:01', 148, 3, '13.1999924', '77.2656257', NULL, 'Na', 2),
(330, '4', 'Bottom View', '951f47f1-eacd-4686-8bf7-a6dfad5b0776.jpg', '18:35:46', NULL, '2024-08-20 20:06:23', '2024-08-20 20:06:23', 148, 4, '13.2004789', '77.2658368', NULL, NULL, 2),
(331, '4', 'Left View', 'af3712ba-2efa-4b1c-88f1-ca6d01ceb45d.jpg', '19:01:04', NULL, '2024-08-20 20:06:43', '2024-08-20 20:31:26', 148, 4, '13.2004547', '77.2656603', NULL, NULL, 2),
(332, '4', 'Right View', '0be3ef79-3608-43d2-9a48-c3fa888fcc12.jpg', '19:01:56', NULL, '2024-08-20 20:07:04', '2024-08-20 20:32:27', 148, 4, '13.2004526', '77.2656962', NULL, NULL, 2),
(333, '4', 'Top View', '2a2b4d75-97b5-434c-bebb-075aa7025965.jpg', '18:35:46', NULL, '2024-08-20 20:07:17', '2024-08-20 20:07:17', 148, 4, '13.2004658', '77.2658259', NULL, NULL, 2),
(334, '4', 'Back View', '9398dfb7-60a4-4566-90d2-c71f6195dd5b.jpg', '19:01:56', NULL, '2024-08-20 20:07:33', '2024-08-20 20:32:58', 148, 4, '13.2003153', '77.2658219', NULL, NULL, 2),
(335, '4', 'Front View', '647b7b72-268a-4461-81a1-17676deab2f2.jpg', '19:01:56', NULL, '2024-08-20 20:07:54', '2024-08-20 20:33:20', 148, 4, '13.1998453', '77.2656427', NULL, NULL, 2),
(336, '4', 'Videos', NULL, '19:01:56', '93523966-bfab-4511-8886-d8c4172f6619.mp4', '2024-08-20 20:35:15', '2024-08-20 20:35:15', 148, 4, '13.2003136', '77.2653985', NULL, NULL, 2),
(337, '4', 'Reason', NULL, '19:01:56', NULL, '2024-08-20 20:35:30', '2024-08-20 20:35:30', 148, 4, '13.2003136', '77.2653985', NULL, 'Na', 2),
(338, '2', 'Front View', '8c7292ba-83d1-42fe-a2cb-5a567bd0dd08.jpg', '10:28:36', NULL, '2024-08-26 11:59:08', '2024-08-26 11:59:08', 150, 2, '13.1994686', '77.2655916', NULL, NULL, 2),
(339, '2', 'Left View', 'b26a359f-ec3d-45c8-bd63-676c3cc77b25.jpg', '10:28:36', NULL, '2024-08-26 11:59:43', '2024-08-26 11:59:43', 150, 2, '13.1994781', '77.2655935', NULL, NULL, 2),
(340, '2', 'Top View', 'f2e4475a-ffa3-4a00-beab-85170007161e.jpg', '10:28:36', NULL, '2024-08-26 12:00:19', '2024-08-26 12:00:19', 150, 2, '13.199472', '77.2655958', NULL, NULL, 2),
(341, '2', 'Back View', '9bc8cfae-733f-45ee-b5ac-c1a9909419e3.jpg', '10:28:36', NULL, '2024-08-26 12:04:36', '2024-08-26 12:04:36', 150, 2, '13.1994704', '77.2655877', NULL, NULL, 2),
(342, '2', 'Right View', '87c8a04e-035a-4167-8d53-61a3a0478f56.jpg', '10:28:36', NULL, '2024-08-26 12:13:34', '2024-08-26 12:13:34', 150, 2, '13.1998625', '77.2656192', NULL, NULL, 2),
(343, '2', 'Videos', NULL, '10:28:36', '18163137-735e-4477-b834-cb0c1fa2a266.mp4', '2024-08-26 12:14:53', '2024-08-26 12:14:53', 150, 2, '13.1995915', '77.2655665', NULL, NULL, 2),
(344, '3', 'Front View', '221c1bda-87cd-40da-a3f5-1544b98de9ab.jpg', '15:54:31', NULL, '2024-08-26 17:24:50', '2024-08-26 17:24:50', 150, 3, '13.1995764', '77.2655846', NULL, NULL, 2),
(345, '3', 'Right View', 'f52038d0-530d-49c9-9728-f69dc776c422.jpg', '15:54:31', NULL, '2024-08-26 17:25:19', '2024-08-26 17:25:19', 150, 3, '13.1994859', '77.2655639', NULL, NULL, 2),
(346, '3', 'Left View', 'ce5bcc68-6c1b-45ec-b389-4c7b9a466dcf.jpg', '15:54:31', NULL, '2024-08-26 17:25:45', '2024-08-26 17:25:45', 150, 3, '13.1994511', '77.2651356', NULL, NULL, 2),
(347, '3', 'Back View', '0b9d44b2-d641-4411-a503-a3cdfc0ece77.jpg', '15:54:31', NULL, '2024-08-26 17:26:34', '2024-08-26 17:26:34', 150, 3, '13.1995735', '77.2655864', NULL, NULL, 2),
(348, '3', 'Videos', NULL, '15:54:31', '29850bfe-4c74-454a-9152-ae2f579815f4.mp4', '2024-08-26 17:27:47', '2024-08-26 17:27:47', 150, 3, '13.2000929', '77.2655819', NULL, NULL, 2),
(349, '4', 'Left View', 'ad7bbe59-14d2-44a2-b99d-5822bd9f9b78.jpg', '17:47:01', NULL, '2024-08-26 19:17:37', '2024-08-26 19:17:37', 150, 4, '13.2007982', '77.2652811', NULL, NULL, 2),
(350, '4', 'Right View', '9fa103e1-23cb-42ed-9bab-d4df257f0602.jpg', '17:47:01', NULL, '2024-08-26 19:19:24', '2024-08-26 19:19:24', 150, 4, '13.2005729', '77.2655342', NULL, NULL, 2),
(351, '4', 'Front View', '44210270-8155-4803-8e43-a3a6cee8ce7e.jpg', '17:47:01', NULL, '2024-08-26 19:19:47', '2024-08-26 19:19:47', 150, 4, '13.2007982', '77.2652811', NULL, NULL, 2),
(352, '4', 'Back View', '90c41094-ecce-466f-b76a-9653714d548b.jpg', '17:47:01', NULL, '2024-08-26 19:20:46', '2024-08-26 19:20:46', 150, 4, '13.200793', '77.2653205', NULL, NULL, 2),
(353, '4', 'Bottom View', '79c7ffa5-261f-45f9-a2c6-a24cec84b032.jpg', '17:47:01', NULL, '2024-08-26 19:22:10', '2024-08-26 19:22:10', 150, 4, '13.2005088', '77.2657498', NULL, NULL, 2),
(354, '4', 'Top View', '2758fd00-6e81-4b4d-8c56-8fa1d09f6996.jpg', '17:47:01', NULL, '2024-08-26 19:23:19', '2024-08-26 19:23:19', 150, 4, '13.2005088', '77.2657498', NULL, NULL, 2),
(355, '4', 'Videos', NULL, '17:54:31', '9affd3c0-1836-45a1-ae43-31fbba791ef6.mp4', '2024-08-26 19:25:47', '2024-08-26 19:25:47', 150, 4, '13.2008356', '77.2654935', NULL, NULL, 2),
(356, '2', 'Bottom View', 'f1a8b118-35bf-4d68-9254-9649d76c0be6.jpg', '18:16:10', NULL, '2024-08-26 19:46:19', '2024-08-26 19:46:19', 150, 2, NULL, NULL, NULL, NULL, 2),
(357, '3', 'Top View', '5057c735-7344-418c-b99b-b6fd02533653.jpg', '18:16:23', NULL, '2024-08-26 19:47:31', '2024-08-26 19:47:31', 150, 3, '13.2007375', '77.266115', NULL, NULL, 2),
(358, '3', 'Bottom View', '5fed185a-5f42-4970-a3df-ec802c6aec1b.jpg', '18:16:23', NULL, '2024-08-26 19:48:14', '2024-08-26 19:48:14', 150, 3, '13.2007375', '77.266115', NULL, NULL, 2),
(359, '2', 'Front View', '5f26e960-5ca5-4ac3-b7df-46ec55b5afd0.jpg', '09:21:10', NULL, '2024-08-28 10:51:36', '2024-08-28 10:51:36', 151, 2, '13.1999405', '77.2656422', NULL, NULL, 2),
(360, '2', 'Left View', '99beb548-9097-4238-a4db-d30e2c89b178.jpg', '09:21:10', NULL, '2024-08-28 10:52:05', '2024-08-28 10:52:05', 151, 2, '13.1994707', '77.2656034', NULL, NULL, 2),
(361, '2', 'Right View', '4ef5349e-17a9-46a5-aa6b-54faa9738df0.jpg', '09:21:10', NULL, '2024-08-28 10:52:32', '2024-08-28 10:52:32', 151, 2, '13.2002167', '77.2656369', NULL, NULL, 2),
(362, '2', 'Back View', '023af328-e7ae-493f-a76e-eb72e4fec401.jpg', '09:21:10', NULL, '2024-08-28 10:53:15', '2024-08-28 10:53:15', 151, 2, '13.199489', '77.2656067', NULL, NULL, 2),
(363, '2', 'Videos', NULL, '09:21:10', '4539d7bd-4125-4a01-be3e-c6792ca435b7.mp4', '2024-08-28 10:59:27', '2024-08-28 11:00:55', 151, 2, '13.1995003', '77.2655941', NULL, NULL, 2),
(364, '2', 'Top View', 'aa0e5efb-167a-40fc-8791-ae69d690ec96.jpg', '14:14:31', NULL, '2024-08-28 15:44:58', '2024-08-28 15:44:58', 151, 2, '13.1994882', '77.2655992', NULL, NULL, 2),
(365, '2', 'Bottom View', '1ba357da-6510-47d7-9d9b-97e6c9ee1ef2.jpg', '14:14:31', NULL, '2024-08-28 15:45:11', '2024-08-28 15:45:11', 151, 2, '13.1994686', '77.2656029', NULL, NULL, 2),
(366, '3', 'Back View', 'bf294428-08b4-4160-8073-73709f7d37c1.jpg', '14:15:15', NULL, '2024-08-28 15:45:39', '2024-08-28 15:45:39', 151, 3, '13.1994815', '77.2656012', NULL, NULL, 2),
(367, '3', 'Right View', 'c6b1c7bc-7eec-4f07-91a1-15ecc25ffc98.jpg', '14:15:15', NULL, '2024-08-28 15:46:01', '2024-08-28 15:46:01', 151, 3, '13.1995062', '77.2655752', NULL, NULL, 2),
(368, '3', 'Front View', 'df38b252-9b15-4390-bcbe-41bec5322da8.jpg', '14:15:15', NULL, '2024-08-28 15:46:48', '2024-08-28 15:46:48', 151, 3, '13.1998174', '77.2656303', NULL, NULL, 2),
(369, '3', 'Left View', '8d3e9c76-dc89-46e6-86ab-92e082dd0e41.jpg', '14:15:15', NULL, '2024-08-28 15:47:39', '2024-08-28 15:47:39', 151, 3, '13.1994838', '77.2655905', NULL, NULL, 2),
(370, '3', 'Top View', '3adf4139-11bb-4c2a-b2f3-9e6546c8bc7e.jpg', '14:15:15', NULL, '2024-08-28 15:47:55', '2024-08-28 15:47:55', 151, 3, '13.1994939', '77.2656035', NULL, NULL, 2),
(371, '3', 'Videos', NULL, '14:15:15', '1ecdb966-32d1-4a7f-b5ff-58925e190df5.mp4', '2024-08-28 15:49:58', '2024-08-28 15:49:58', 151, 3, '13.1998341', '77.2657943', NULL, NULL, 2),
(372, '3', 'Bottom View', '48a655d7-986e-4ba5-ae7f-cff4dcbe184d.jpg', '16:09:18', NULL, '2024-08-29 17:40:07', '2024-08-29 17:40:07', 151, 3, NULL, NULL, NULL, NULL, 2),
(373, '4', 'Right View', '538dbb27-feba-432a-9821-627ae9845d06.jpg', '16:13:19', NULL, '2024-08-29 17:43:40', '2024-08-29 17:43:40', 151, 4, NULL, NULL, NULL, NULL, 2),
(374, '4', 'Left View', '791ab9be-9c13-4ea1-b206-3917e60dbf30.jpg', '16:13:19', NULL, '2024-08-29 17:44:48', '2024-08-29 17:44:48', 151, 4, '13.2004535', '77.2657516', NULL, NULL, 2),
(375, '4', 'Top View', '6d803491-04fc-4650-9306-1fc3ec82802d.jpg', '16:13:19', NULL, '2024-08-29 17:45:29', '2024-08-29 17:45:29', 151, 4, '13.2004207', '77.2655464', NULL, NULL, 2),
(376, '4', 'Bottom View', '77361d96-a3ea-4a18-8e02-c4c52dfb9068.jpg', '16:13:19', NULL, '2024-08-29 17:45:43', '2024-08-29 17:45:43', 151, 4, '13.2004522', '77.2657299', NULL, NULL, 2),
(377, '4', 'Back View', '5f7a9c11-884e-4abe-836d-c1814658e8e8.jpg', '16:13:19', NULL, '2024-08-29 17:46:06', '2024-08-29 17:46:06', 151, 4, '13.2005066', '77.2656951', NULL, NULL, 2),
(378, '4', 'Front View', '085bd761-bb2a-495a-9005-494028d7f6a3.jpg', '16:13:19', NULL, '2024-08-29 17:47:47', '2024-08-29 17:47:47', 151, 4, '13.2005778', '77.2652403', NULL, NULL, 2),
(379, '4', 'Videos', NULL, '16:13:19', 'a507962e-a873-4f16-8ef1-cb51350800cf.mp4', '2024-08-29 17:51:38', '2024-08-29 17:51:38', 151, 4, '13.2005039', '77.2657195', NULL, NULL, 2),
(380, '15', 'Left View', 'ee6cff78-6399-489b-aacb-cbb94b000a61.jpg', '17:05:59', NULL, '2024-08-29 18:36:23', '2024-08-29 18:36:23', 152, 15, '18.6641475', '73.7651756', NULL, NULL, 11),
(381, '15', 'Right View', 'a9cdc077-c46b-4c23-93b8-f5b4a2bf870e.jpg', '17:05:59', NULL, '2024-08-29 18:36:35', '2024-08-29 18:36:35', 152, 15, '18.6641714', '73.7652328', NULL, NULL, 11),
(382, '15', 'Front View', '68196c01-cfc9-4828-8786-e67f3d90783e.jpg', '17:05:59', NULL, '2024-08-29 18:36:47', '2024-08-29 18:36:47', 152, 15, '18.6641721', '73.7652337', NULL, NULL, 11),
(383, '15', 'Back View', '03895b6e-f714-4910-b804-9ccdb4d4a5b1.jpg', '17:05:59', NULL, '2024-08-29 18:37:06', '2024-08-29 18:37:06', 152, 15, '18.6641721', '73.7652337', NULL, NULL, 11),
(384, '15', 'Left View', '9dcef4ad-f6d2-4ee3-912b-3847d346cc72.jpg', '14:43:52', NULL, '2024-08-30 16:14:08', '2024-08-30 16:14:08', 153, 15, '18.6641671', '73.7652328', NULL, NULL, 11),
(385, '15', 'Right View', '236f40b4-8c5c-466e-a12e-846472c48696.jpg', '14:43:52', NULL, '2024-08-30 16:14:19', '2024-08-30 16:14:19', 153, 15, '18.6641637', '73.7652335', NULL, NULL, 11),
(386, '15', 'Top View', '27921e47-d345-4ff0-a2dd-040fda3eb608.jpg', '14:43:52', NULL, '2024-08-30 16:15:09', '2024-08-30 16:15:09', 153, 15, '18.6641637', '73.7652335', NULL, NULL, 11),
(387, '15', 'Front View', '1e042c41-102e-454a-85fe-c411adfec311.jpg', '14:43:52', NULL, '2024-08-30 16:15:30', '2024-08-30 16:15:30', 153, 15, '18.6641716', '73.7652358', NULL, NULL, 11),
(388, '15', 'Back View', '25a39bba-1280-46b7-8a57-869e475485cc.jpg', '14:43:52', NULL, '2024-08-30 16:15:42', '2024-08-30 16:15:42', 153, 15, '18.6641751', '73.7652313', NULL, NULL, 11),
(389, '2', 'Front View', '1c458d59-2fcd-4292-89ee-3cf51cfefc61.jpg', '09:45:22', NULL, '2024-09-02 11:15:48', '2024-09-02 11:15:48', 154, 2, '13.1996021', '77.2655684', NULL, NULL, 2),
(390, '2', 'Right View', 'eb3bbc07-325b-4a57-a3b7-8e78a28c7405.jpg', '09:45:22', NULL, '2024-09-02 11:16:13', '2024-09-02 11:16:13', 154, 2, '13.1995244', '77.2655971', NULL, NULL, 2),
(391, '2', 'Left View', 'bdc20567-7e90-4efe-85b7-773b5431b3c2.jpg', '09:45:22', NULL, '2024-09-02 11:16:35', '2024-09-02 11:16:35', 154, 2, '13.1994722', '77.2655927', NULL, NULL, 2),
(392, '2', 'Videos', NULL, '09:45:22', '355741d5-3c50-469e-97fe-9b5b0485fa1e.mp4', '2024-09-02 11:17:54', '2024-09-02 11:17:54', 154, 2, '13.1994702', '77.2656029', NULL, NULL, 2),
(393, '2', 'Top View', 'fdefc9b1-d4fb-48fe-85cc-1b6a880468f3.jpg', '09:48:46', NULL, '2024-09-02 11:20:04', '2024-09-02 11:20:04', 154, 2, '13.1997334', '77.2655548', NULL, NULL, 2),
(394, '2', 'Bottom View', 'd3651b06-2b0c-44eb-abed-058dea032ba2.jpg', '09:48:46', NULL, '2024-09-02 11:20:58', '2024-09-02 11:20:58', 154, 2, '13.1994913', '77.2656262', NULL, NULL, 2),
(395, '2', 'Back View', '1b764f66-79f2-4b97-928b-8b5b28e83c94.jpg', '09:48:46', NULL, '2024-09-02 11:21:59', '2024-09-02 11:21:59', 154, 2, '13.1997389', '77.2656021', NULL, NULL, 2),
(396, '4', 'Top View', 'f077979b-acd7-4305-8014-7f4f0414db09.jpg', '14:02:03', NULL, '2024-09-02 15:32:28', '2024-09-02 15:32:28', 154, 4, NULL, NULL, NULL, NULL, 2),
(397, '3', 'Right View', '7cee186e-dbef-4db0-bba0-e334cc3b579b.jpg', '14:02:40', NULL, '2024-09-02 15:44:18', '2024-09-02 15:44:18', 154, 3, '13.1994692', '77.2656038', NULL, NULL, 2),
(398, '3', 'Left View', '257ea9eb-8f1d-4417-9811-67e4a221e2d1.jpg', '14:02:40', NULL, '2024-09-02 15:44:43', '2024-09-02 15:44:43', 154, 3, '13.1998384', '77.2656324', NULL, NULL, 2),
(399, '3', 'Top View', '6a6156aa-f5e0-4876-ac76-d6b5d0bef118.jpg', '14:02:40', NULL, '2024-09-02 15:45:40', '2024-09-02 15:45:40', 154, 3, '13.1994918', '77.2656286', NULL, NULL, 2),
(400, '3', 'Back View', '2d854c99-5f58-4c17-a557-f10341efd1ed.jpg', '14:02:40', NULL, '2024-09-02 15:49:15', '2024-09-02 15:49:36', 154, 3, '13.1995587', '77.2655917', NULL, NULL, 2),
(401, '3', 'Front View', '6f9dc845-64d0-4272-bdef-937c04021a84.jpg', '14:02:40', NULL, '2024-09-02 15:49:44', '2024-09-02 15:49:44', 154, 3, '13.1995587', '77.2655917', NULL, NULL, 2),
(402, '3', 'Bottom View', '6c683165-f9aa-41a6-98bb-dc7f6c7a3efa.jpg', '14:02:40', NULL, '2024-09-02 15:49:55', '2024-09-02 15:49:55', 154, 3, '13.1997416', '77.265511', NULL, NULL, 2),
(403, '16', 'Left View', '4a75e458-593a-496e-b010-1e84580d1be8.jpg', '14:47:38', NULL, '2024-09-02 16:17:57', '2024-09-02 16:17:57', 155, 16, '19.0165978', '72.8273451', NULL, NULL, 11),
(404, '15', 'Right View', 'e22a7b3d-3346-4863-8f63-02276760d7ca.jpg', '14:49:49', NULL, '2024-09-02 16:20:01', '2024-09-02 16:20:01', 155, 15, NULL, NULL, NULL, NULL, 11),
(405, '4', 'Right View', '0a3cdc5d-dc6e-49cb-9bee-393593067fa6.jpg', '15:06:16', NULL, '2024-09-02 16:36:38', '2024-09-02 16:36:38', 154, 4, '13.2001866', '77.2657593', NULL, NULL, 2),
(406, '4', 'Front View', '1bbdc380-3454-4536-8315-06577b8ca665.jpg', '15:06:16', NULL, '2024-09-02 16:37:23', '2024-09-02 16:37:23', 154, 4, '13.2001921', '77.2657646', NULL, NULL, 2),
(407, '4', 'Left View', '5476f57b-e834-4070-ba33-4cb9382fb0ff.jpg', '15:06:16', NULL, '2024-09-02 16:41:37', '2024-09-02 16:41:37', 154, 4, '13.1999509', '77.2656317', NULL, NULL, 2),
(408, '4', 'Bottom View', '5eb53e39-43f4-47cc-90ca-e3f1a0a7a2c9.jpg', '15:06:16', NULL, '2024-09-02 16:42:11', '2024-09-02 16:42:11', 154, 4, '13.1999065', '77.2656367', NULL, NULL, 2),
(409, '4', 'Videos', NULL, '15:06:16', '2706bf7c-717e-4dae-94fd-cb32029f1b40.mp4', '2024-09-02 16:43:27', '2024-09-02 16:43:27', 154, 4, '13.2000442', '77.2657885', NULL, NULL, 2),
(410, '4', 'Back View', 'b34a198a-7522-44b5-bf7c-7e9e0aaeb8ae.jpg', '15:06:16', NULL, '2024-09-02 16:43:49', '2024-09-02 16:43:49', 154, 4, '13.2000442', '77.2657885', NULL, NULL, 2),
(411, '16', 'Left View', '866c879a-c214-49e4-bc19-864b6f6ecbaf.jpg', '18:17:03', NULL, '2024-09-02 19:47:01', '2024-09-02 19:47:01', 156, 16, NULL, NULL, NULL, NULL, 11),
(412, '16', 'Right View', '620944d5-8931-428f-adff-4eca5a190aca.jpg', '18:17:03', NULL, '2024-09-02 19:47:18', '2024-09-02 19:47:18', 156, 16, NULL, NULL, NULL, NULL, 11),
(413, '16', 'Top View', '5213ae0e-b8f1-4068-a06a-549634ab8bd9.jpg', '18:17:03', NULL, '2024-09-02 19:47:38', '2024-09-02 19:47:38', 156, 16, NULL, NULL, NULL, NULL, 11),
(414, '16', 'Bottom View', '46cf6d70-61e1-4d5a-a428-621c3f49f1b1.jpg', '18:17:03', NULL, '2024-09-02 19:47:58', '2024-09-02 19:47:58', 156, 16, NULL, NULL, NULL, NULL, 11),
(415, '16', 'Back View', '503b5925-3050-474f-91a9-dcaf84b97909.jpg', '18:17:03', NULL, '2024-09-02 19:48:13', '2024-09-02 19:48:13', 156, 16, NULL, NULL, NULL, NULL, 11),
(416, '16', 'Front View', 'edce1232-992e-483a-aa11-6882f6e2c9af.jpg', '18:17:03', NULL, '2024-09-02 19:48:38', '2024-09-02 19:48:38', 156, 16, NULL, NULL, NULL, NULL, 11);

-- --------------------------------------------------------

--
-- Table structure for table `sops`
--

CREATE TABLE `sops` (
  `id` bigint(20) UNSIGNED NOT NULL,
  `pdf` varchar(255) NOT NULL,
  `expiry_date` varchar(255) NOT NULL,
  `status` varchar(255) DEFAULT NULL,
  `customer_id` bigint(20) UNSIGNED NOT NULL,
  `created_at` timestamp NULL DEFAULT NULL,
  `updated_at` timestamp NULL DEFAULT NULL
) ENGINE=InnoDB DEFAULT CHARSET=utf8mb4 COLLATE=utf8mb4_unicode_ci;

--
-- Dumping data for table `sops`
--

INSERT INTO `sops` (`id`, `pdf`, `expiry_date`, `status`, `customer_id`, `created_at`, `updated_at`) VALUES
(1, '172430811448rsDIhc3wfP7z3ARpJUf9CbJVygn1Eh9WIxGGYf.pdf', '24-08-2024', 'Active', 1, '2024-08-22 00:58:34', '2024-08-22 00:59:01'),
(2, '1724402729L0vckvRDHEfK6fo2IMWA5e9FKGK5vDoQtSwBQyOG.pdf', '28-08-2024', 'Active', 1, '2024-08-23 15:45:29', '2024-08-23 15:46:00');

-- --------------------------------------------------------

--
-- Table structure for table `users`
--

CREATE TABLE `users` (
  `id` bigint(20) UNSIGNED NOT NULL,
  `group_id` bigint(20) UNSIGNED DEFAULT NULL,
  `email` varchar(255) NOT NULL,
  `email_verified_at` timestamp NULL DEFAULT NULL,
  `password` varchar(255) NOT NULL,
  `role` text DEFAULT NULL,
  `phone` varchar(20) NOT NULL,
  `remember_token` varchar(100) DEFAULT NULL,
  `created_at` timestamp NULL DEFAULT NULL,
  `updated_at` timestamp NULL DEFAULT NULL,
  `name` varchar(20) NOT NULL,
  `is_admin` tinyint(4) NOT NULL DEFAULT 0,
  `channel_partner_id` int(11) DEFAULT NULL,
  `user_status` tinyint(4) DEFAULT NULL
) ENGINE=InnoDB DEFAULT CHARSET=utf8mb4 COLLATE=utf8mb4_unicode_ci;

--
-- Dumping data for table `users`
--

INSERT INTO `users` (`id`, `group_id`, `email`, `email_verified_at`, `password`, `role`, `phone`, `remember_token`, `created_at`, `updated_at`, `name`, `is_admin`, `channel_partner_id`, `user_status`) VALUES
(1, 1, 'admin@admin.com', NULL, '$2y$10$mj.Vd.yFLmI0oXmnTZVIYu6Bp1BH/IC2hvx1G5Znfrd.3PnC3cpdW', 'admin', '1234567890', NULL, '2024-01-10 13:04:31', '2024-02-15 04:02:15', 'admin', 1, NULL, NULL),
(74, 68, 'rupa.s@firstpolicy.com', NULL, '$2y$10$RRytiruZNCUz8vt7oZAIa.4gCT8W8OyUIkj.6llqCqfwKrFlBz4s6', 'Insured\'s Representative', '7757033816', NULL, '2024-07-02 14:23:48', '2024-07-02 14:37:43', 'Rupa', 0, NULL, 0),
(75, 75, 'test@gmail.com', NULL, '$2y$10$Dm7IZ.2yNW4vdONq31BbdOot9MSFM2IBOpzKZr6yrp7X3.9rZ77yK', 'Insured\'s Representative', '987653211', NULL, '2024-07-02 16:19:16', '2024-08-13 23:10:18', 'Test1', 0, NULL, 0),
(79, 0, 'email', '0000-00-00 00:00:00', 'password', 'role', 'phone', 'remember_token', '0000-00-00 00:00:00', '0000-00-00 00:00:00', 'name', 0, NULL, 0),
(80, 9, 'ir@gmail.com', NULL, '$2y$10$6Dfw4KXfHR77r/vENVrjo.sqXqRwvgq7E5F8qs52H4ztfqddcNhN2', 'Insured\'s Representative', '987654321', NULL, '2024-01-12 14:05:47', '2024-01-12 14:05:47', 'IR', 0, NULL, 0),
(81, 9, 'riskteam@gmail.com', NULL, '$2y$10$OvNXH49mmaDPHrglxUi8oOPYxsFchPZG/pPmRFEIW93w25tUP.Bxa', 'ILGIC Marine risk team', '9876778', NULL, '2024-01-12 14:07:38', '2024-01-12 14:07:38', 'ILGIC Risk Team', 0, NULL, 0),
(82, 9, 'ilgicwpt@gmail.com', NULL, '$2y$10$7K37QIxSmQn2UfiFVtsGIexVZzVUePfkFAsCY0X4vBsyeRxrODUCi', 'ILGIC WPT', '875676784', NULL, '2024-01-12 14:08:29', '2024-01-12 14:08:29', 'WPT', 0, NULL, 0),
(83, 9, 'ids@gmail.com', NULL, '$2y$10$2sGOn7AmjJWWL38Jzak/A.sgtXptDISwtX1Gn0fZjM/YbnuyvVwWS', 'Insured\'s Dispatch Supervisor', '9874356', NULL, '2024-01-12 14:09:20', '2024-01-12 14:09:20', 'IDS', 0, NULL, 0),
(84, 9, 'girisha.b@mpptechnologies.com', NULL, '$2y$10$BTZRgZYdrPHqG7e1nZiOkuLrMVYRgasvpJAFq26z9GBRUd/qrGVCe', 'Insured\'s Dispatch Supervisor', '9886224143', NULL, '2024-02-15 05:05:42', '2024-02-15 05:05:42', 'Girisha B', 0, NULL, 0),
(85, 17, 'vijayshankar.iyer@exideenergy.co.in', NULL, '$2y$10$W/DlYRoNVh2kE6A1bQVIcuWXIYyJ712WAYdcP8sxdCOoO3K3pqWri', 'Insured\'s Representative', '9840838613', NULL, '2024-02-16 08:39:33', '2024-02-16 08:39:33', 'Vijay Shankar Iyer', 0, NULL, 0),
(86, 17, 'supplier@eesl.com', NULL, '$2y$10$A.hkuX7pVUzYqyF.f8npaOlhRkB3UYMfvG0RaI7FbrxXNWKgk1Kbe', 'Insured\'s Dispatch Supervisor', '9840838613', NULL, '2024-02-16 11:23:23', '2024-02-16 11:24:33', 'EE Supplier', 0, NULL, 0),
(87, 17, 'lsp@eesl.com', NULL, '$2y$10$tcRLhmEDyTGx./0JiOzG9O8Q6mCEs5Ox1ZYinyFzDIn05dMg.BE/a', 'Insured\'s Dispatch Supervisor', '9840838613', NULL, '2024-02-16 12:07:47', '2024-02-16 12:10:24', 'EELSP', 0, NULL, 0),
(88, 9, 'fortesting@testing.com', NULL, '$2y$10$WL9abbdTbzH.jnDRYh3SBu9C6ArumXvD1BS04js6jCKLVajV/DIX.', 'Channel Partner', '123546977', NULL, '2024-03-15 14:55:36', '2024-03-15 14:55:36', 'fortesting', 0, NULL, 0),
(89, 9, 'admin@saileelainsurance.co.in', NULL, '$2y$10$iq4sc54T5NRk2tRh/v.wj.4KcJ4WQUALVbvm81bPsg956fhpsNPoO', 'Channel Partner', '0', NULL, '2024-03-18 16:25:17', '2024-03-18 16:38:08', 'Leena', 0, NULL, 0),
(90, 17, 'tester@tester.com', NULL, '$2y$10$v9rEc5eYRvpk4eJs6gcJ8O/L56zcKczBfwD2R8zb7BxYbZTBknEe6', 'ILGIC RM', '12345678901', NULL, '2024-04-01 10:16:51', '2024-04-01 10:16:51', 'tester', 0, NULL, 0),
(91, 75, 'test@exide.com', NULL, '$2y$10$RzFMJMXBv3mAF7TaS7rBM.f0a77GZbxvXfuFCQWa1ubefToDfrJQi', 'Insured\'s Representative', '22377731361', NULL, '2024-04-01 10:24:43', '2024-08-13 23:00:09', 'test', 0, NULL, 0),
(92, 9, 'sj@mpp.com', NULL, '$2y$10$iOLgGMgZg89u7YfiCdbAF.2xp1GTyWwzEFJBFDwijcbxVuAs81N6C', 'Insured\'s Representative', '1323123123', NULL, '2024-07-16 20:49:46', '2024-07-16 20:49:46', 'sujeet', 0, NULL, 0),
(93, 69, 'samiran@afcons.com', NULL, '$2y$10$fY2zPIf2go9xhWM957AJheseAur7.rn3NGgr3ayPZNSe7DCW4jNEW', 'Insured\'s Representative', '08976941142', NULL, '2024-07-18 21:59:39', '2024-07-18 21:59:39', 'Samiran', 0, NULL, 0),
(95, 75, 'gcipune@rediffmail.com', NULL, '$2y$10$VgC8JuiQQyVy3NWSHWTMCe6uL275So/R3jResQkjyoyGZNEslIBFO', 'Insured\'s Representative', '09227133038', NULL, '2024-08-12 12:55:16', '2024-08-12 12:55:16', 'GCI', 0, NULL, 0),
(96, 68, 'pradip@gmail.com', NULL, '$2y$10$FeZBVDZ9RIa6ARZxr2Nsge0ZzPrFMQ4Pq.U/5phz.p89QhMavkmiK', 'Insured\'s Representative', '9777877887', NULL, '2024-08-13 20:40:08', '2024-08-13 20:40:08', 'Pradip', 0, NULL, 0),
(98, 68, 'pradipshelke123@gmail.com', NULL, '$2y$10$aBMZja7.0LIv9zYApdEvAuIrxF/6nLHZ6LgfeicTDeqnOaWcYcyzG', 'Insured\'s Representative', '9777877121', NULL, '2024-08-13 20:42:27', '2024-08-13 20:42:27', 'Pradip', 0, NULL, 0),
(99, 68, 'pradipshelke1234@gmail.com', NULL, '$2y$10$WY5IyQd/JhDGwRofSUipG.e.D0PhOncXinE5h8FaJeN3LAAHjQ2Xi', 'Insured\'s Representative', '9777877122', NULL, '2024-08-13 20:48:54', '2024-08-13 20:48:54', 'Pradip', 0, NULL, NULL);

-- --------------------------------------------------------

--
-- Table structure for table `zones`
--

CREATE TABLE `zones` (
  `id` int(11) NOT NULL,
  `name` varchar(255) NOT NULL,
  `description` text DEFAULT NULL,
  `group_id` int(11) DEFAULT NULL,
  `zone_id` int(11) DEFAULT NULL,
  `created_at` datetime DEFAULT current_timestamp(),
  `updated_at` datetime DEFAULT current_timestamp() ON UPDATE current_timestamp(),
  `deleted_at` datetime DEFAULT NULL,
  `phase_id` int(10) UNSIGNED DEFAULT NULL
) ENGINE=InnoDB DEFAULT CHARSET=latin1 COLLATE=latin1_swedish_ci;

--
-- Dumping data for table `zones`
--

INSERT INTO `zones` (`id`, `name`, `description`, `group_id`, `zone_id`, `created_at`, `updated_at`, `deleted_at`, `phase_id`) VALUES
(1, 'Pre Packaging', 'Phas1', 68, NULL, '2024-07-02 07:29:52', '2024-07-02 07:29:52', NULL, 1),
(2, 'Pre Lifting', NULL, 9, NULL, '2024-07-16 13:14:39', '2024-07-16 13:52:17', NULL, 2),
(3, 'Post Lifting', NULL, 9, NULL, '2024-07-16 13:14:54', '2024-07-16 13:50:56', NULL, 2),
(4, 'Ready to Dispatch', NULL, 9, NULL, '2024-07-16 13:15:07', '2024-07-16 13:51:05', NULL, 2),
(5, 'Kalyan', 'NA', 9, NULL, '2024-07-16 13:45:45', '2024-07-16 13:45:45', NULL, 3),
(6, 'Pre Lifting', 'NA', 68, NULL, '2024-07-18 06:59:26', '2024-07-18 06:59:26', NULL, 1),
(7, 'Cargo Condition at the warehouse', 'Origin', 69, NULL, '2024-07-18 14:05:49', '2024-07-18 15:31:17', NULL, 5),
(8, 'Dispatch Status on vehicle', 'Securing Inspection on Vehicle', 69, NULL, '2024-07-18 14:07:01', '2024-07-22 06:45:28', NULL, 5),
(9, 'Securing Check onboard Vessel', 'Onboard vessel inspection', 70, NULL, '2024-07-18 14:08:08', '2024-07-22 06:56:50', NULL, 6),
(11, 'Proof of delivery', 'Final Destination', 71, NULL, '2024-07-18 14:11:17', '2024-07-22 06:58:00', NULL, 7),
(12, 'Phase 1', 'NA', 73, NULL, '2024-07-25 06:56:04', '2024-07-25 07:53:37', NULL, 10),
(13, 'Phase 2', 'Na', 73, NULL, '2024-07-25 06:56:20', '2024-07-25 07:53:28', NULL, 10),
(14, 'Pre Lifting', 'Origin- in the Warehouse', 75, NULL, '2024-08-12 05:57:18', '2024-08-12 05:57:18', NULL, 11),
(15, 'post Lifting', 'Origin- in the Warehouse', 75, NULL, '2024-08-12 05:57:58', '2024-08-12 05:57:58', NULL, 11),
(16, 'Ready to Dispatch', 'Origin- in the Warehouse', 75, NULL, '2024-08-12 05:58:23', '2024-08-12 05:58:23', NULL, 11),
(17, 'Ready To Dispatch', 'NA', 68, NULL, '2024-08-13 15:55:46', '2024-08-13 15:55:46', NULL, 4);

--
-- Indexes for dumped tables
--

--
-- Indexes for table `cargo_details`
--
ALTER TABLE `cargo_details`
  ADD PRIMARY KEY (`id`),
  ADD KEY `fk_constraint_name` (`user_id`),
  ADD KEY `fk_channel_partner` (`channel_partner_id`) USING BTREE;

--
-- Indexes for table `channel_partners`
--
ALTER TABLE `channel_partners`
  ADD PRIMARY KEY (`id`);

--
-- Indexes for table `checklists`
--
ALTER TABLE `checklists`
  ADD PRIMARY KEY (`id`),
  ADD KEY `cargo_id` (`cargo_id`);

--
-- Indexes for table `checklist_masters`
--
ALTER TABLE `checklist_masters`
  ADD PRIMARY KEY (`id`),
  ADD KEY `checklist_masters_group_id_foreign` (`group_id`);

--
-- Indexes for table `customers`
--
ALTER TABLE `customers`
  ADD PRIMARY KEY (`id`);

--
-- Indexes for table `failed_jobs`
--
ALTER TABLE `failed_jobs`
  ADD PRIMARY KEY (`id`),
  ADD UNIQUE KEY `failed_jobs_uuid_unique` (`uuid`);

--
-- Indexes for table `groups`
--
ALTER TABLE `groups`
  ADD PRIMARY KEY (`id`),
  ADD KEY `fk_channel_partner_new` (`channel_partner_id`);

--
-- Indexes for table `migrations`
--
ALTER TABLE `migrations`
  ADD PRIMARY KEY (`id`);

--
-- Indexes for table `password_resets`
--
ALTER TABLE `password_resets`
  ADD KEY `password_resets_email_index` (`email`);

--
-- Indexes for table `personal_access_tokens`
--
ALTER TABLE `personal_access_tokens`
  ADD PRIMARY KEY (`id`),
  ADD UNIQUE KEY `personal_access_tokens_token_unique` (`token`),
  ADD KEY `personal_access_tokens_tokenable_type_tokenable_id_index` (`tokenable_type`,`tokenable_id`);

--
-- Indexes for table `phases`
--
ALTER TABLE `phases`
  ADD PRIMARY KEY (`id`);

--
-- Indexes for table `phase_zones`
--
ALTER TABLE `phase_zones`
  ADD PRIMARY KEY (`id`),
  ADD KEY `zone_id` (`zone_id`),
  ADD KEY `phase_id` (`phase_id`),
  ADD KEY `user_id` (`user_id`);

--
-- Indexes for table `photographs`
--
ALTER TABLE `photographs`
  ADD PRIMARY KEY (`id`),
  ADD KEY `cargo_id` (`cargo_id`),
  ADD KEY `phase_id` (`phase_id`);

--
-- Indexes for table `sops`
--
ALTER TABLE `sops`
  ADD PRIMARY KEY (`id`),
  ADD KEY `sops_customer_id_foreign` (`customer_id`);

--
-- Indexes for table `users`
--
ALTER TABLE `users`
  ADD PRIMARY KEY (`id`),
  ADD UNIQUE KEY `users_email_unique` (`email`),
  ADD KEY `fk_channel_partner` (`channel_partner_id`);

--
-- Indexes for table `zones`
--
ALTER TABLE `zones`
  ADD PRIMARY KEY (`id`);

--
-- AUTO_INCREMENT for dumped tables
--

--
-- AUTO_INCREMENT for table `cargo_details`
--
ALTER TABLE `cargo_details`
  MODIFY `id` bigint(20) UNSIGNED NOT NULL AUTO_INCREMENT, AUTO_INCREMENT=157;

--
-- AUTO_INCREMENT for table `channel_partners`
--
ALTER TABLE `channel_partners`
  MODIFY `id` int(11) NOT NULL AUTO_INCREMENT, AUTO_INCREMENT=16;

--
-- AUTO_INCREMENT for table `checklists`
--
ALTER TABLE `checklists`
  MODIFY `id` bigint(20) UNSIGNED NOT NULL AUTO_INCREMENT, AUTO_INCREMENT=6733;

--
-- AUTO_INCREMENT for table `checklist_masters`
--
ALTER TABLE `checklist_masters`
  MODIFY `id` bigint(20) UNSIGNED NOT NULL AUTO_INCREMENT, AUTO_INCREMENT=106;

--
-- AUTO_INCREMENT for table `customers`
--
ALTER TABLE `customers`
  MODIFY `id` bigint(20) UNSIGNED NOT NULL AUTO_INCREMENT, AUTO_INCREMENT=2;

--
-- AUTO_INCREMENT for table `failed_jobs`
--
ALTER TABLE `failed_jobs`
  MODIFY `id` bigint(20) UNSIGNED NOT NULL AUTO_INCREMENT;

--
-- AUTO_INCREMENT for table `groups`
--
ALTER TABLE `groups`
  MODIFY `id` bigint(20) UNSIGNED NOT NULL AUTO_INCREMENT, AUTO_INCREMENT=76;

--
-- AUTO_INCREMENT for table `migrations`
--
ALTER TABLE `migrations`
  MODIFY `id` int(10) UNSIGNED NOT NULL AUTO_INCREMENT, AUTO_INCREMENT=10;

--
-- AUTO_INCREMENT for table `personal_access_tokens`
--
ALTER TABLE `personal_access_tokens`
  MODIFY `id` bigint(20) UNSIGNED NOT NULL AUTO_INCREMENT, AUTO_INCREMENT=1260;

--
-- AUTO_INCREMENT for table `phases`
--
ALTER TABLE `phases`
  MODIFY `id` int(11) NOT NULL AUTO_INCREMENT, AUTO_INCREMENT=12;

--
-- AUTO_INCREMENT for table `phase_zones`
--
ALTER TABLE `phase_zones`
  MODIFY `id` int(11) NOT NULL AUTO_INCREMENT, AUTO_INCREMENT=41;

--
-- AUTO_INCREMENT for table `photographs`
--
ALTER TABLE `photographs`
  MODIFY `id` bigint(20) UNSIGNED NOT NULL AUTO_INCREMENT, AUTO_INCREMENT=417;

--
-- AUTO_INCREMENT for table `sops`
--
ALTER TABLE `sops`
  MODIFY `id` bigint(20) UNSIGNED NOT NULL AUTO_INCREMENT, AUTO_INCREMENT=3;

--
-- AUTO_INCREMENT for table `users`
--
ALTER TABLE `users`
  MODIFY `id` bigint(20) UNSIGNED NOT NULL AUTO_INCREMENT, AUTO_INCREMENT=100;

--
-- AUTO_INCREMENT for table `zones`
--
ALTER TABLE `zones`
  MODIFY `id` int(11) NOT NULL AUTO_INCREMENT, AUTO_INCREMENT=18;

--
-- Constraints for dumped tables
--

--
-- Constraints for table `cargo_details`
--
ALTER TABLE `cargo_details`
  ADD CONSTRAINT `fk_channel_partner_new_new` FOREIGN KEY (`channel_partner_id`) REFERENCES `channel_partners` (`id`),
  ADD CONSTRAINT `fk_constraint_name` FOREIGN KEY (`user_id`) REFERENCES `users` (`id`);

--
-- Constraints for table `checklist_masters`
--
ALTER TABLE `checklist_masters`
  ADD CONSTRAINT `checklist_masters_group_id_foreign` FOREIGN KEY (`group_id`) REFERENCES `groups` (`id`);

--
-- Constraints for table `groups`
--
ALTER TABLE `groups`
  ADD CONSTRAINT `fk_channel_partner_new` FOREIGN KEY (`channel_partner_id`) REFERENCES `channel_partners` (`id`);

--
-- Constraints for table `phase_zones`
--
ALTER TABLE `phase_zones`
  ADD CONSTRAINT `phase_zones_ibfk_1` FOREIGN KEY (`zone_id`) REFERENCES `zones` (`id`),
  ADD CONSTRAINT `phase_zones_ibfk_2` FOREIGN KEY (`phase_id`) REFERENCES `phases` (`id`),
  ADD CONSTRAINT `phase_zones_ibfk_3` FOREIGN KEY (`user_id`) REFERENCES `users` (`id`);

--
-- Constraints for table `photographs`
--
ALTER TABLE `photographs`
  ADD CONSTRAINT `photographs_ibfk_1` FOREIGN KEY (`phase_id`) REFERENCES `phases` (`id`);

--
-- Constraints for table `sops`
--
ALTER TABLE `sops`
  ADD CONSTRAINT `sops_customer_id_foreign` FOREIGN KEY (`customer_id`) REFERENCES `customers` (`id`) ON DELETE CASCADE ON UPDATE CASCADE;

--
-- Constraints for table `users`
--
ALTER TABLE `users`
  ADD CONSTRAINT `fk_channel_partner` FOREIGN KEY (`channel_partner_id`) REFERENCES `channel_partners` (`id`);
COMMIT;

